{"id":130,"date":"2021-12-06T09:43:20","date_gmt":"2021-12-06T11:43:20","guid":{"rendered":"http:\/\/portaleducacao.guarulhos.sp.gov.br\/wp_site\/arte\/?page_id=130"},"modified":"2021-12-06T13:10:19","modified_gmt":"2021-12-06T15:10:19","slug":"matheus-6-anos","status":"publish","type":"page","link":"http:\/\/portaleducacao.guarulhos.sp.gov.br\/wp_site\/arte\/galeria\/acervo-2021\/matheus-6-anos\/","title":{"rendered":"Matheus, 6 anos"},"content":{"rendered":"\n<figure class=\"wp-block-image size-large is-resized\"><img loading=\"lazy\" src=\"http:\/\/portaleducacao.guarulhos.sp.gov.br\/wp_site\/arte\/wp-content\/uploads\/sites\/12\/2021\/11\/matheus.png\" alt=\"Matheus realizou seu desenho com caneta esferogr\u00e1fica, por livre escolha. Enquanto desenhava, sendo filmado, ele mesmo contava o que estava representando. Observou sua girosfera para desenh\u00e1-la, comparando seu desenho com o real. Desenhou uma m\u00e1quina de matar, a figura central, come\u00e7ando pelo rabo e terminando na cabe\u00e7a. Por \u00faltimo, desenhou o olho do Indominus Rex, despendendo bastante tempo, sendo que pintou com caneta mesmo o que acreditou ser necess\u00e1rio destacar. Desenhou com riqueza de detalhes e, em seu \u00e1udio, expressou tamb\u00e9m essa riqueza. Na sua composi\u00e7\u00e3o organizou os elementos, dispondo a figura principal no centro. No v\u00eddeo e nos \u00e1udios que enviou, ficou clara sua satisfa\u00e7\u00e3o com o desenho, mesmo pontuando algumas vezes que era para ser um dinossauro, mas n\u00e3o era, ent\u00e3o era falso, e que sua girosfera tinha ficado uma bola torta. Observamos a liberdade de cria\u00e7\u00e3o, pois Matheus se apropria de muitos elementos dos personagens j\u00e1 conhecidos da m\u00eddia.\" class=\"wp-image-96\" width=\"570\" height=\"660\" srcset=\"http:\/\/portaleducacao.guarulhos.sp.gov.br\/wp_site\/arte\/wp-content\/uploads\/sites\/12\/2021\/11\/matheus.png 845w, http:\/\/portaleducacao.guarulhos.sp.gov.br\/wp_site\/arte\/wp-content\/uploads\/sites\/12\/2021\/11\/matheus-259x300.png 259w, http:\/\/portaleducacao.guarulhos.sp.gov.br\/wp_site\/arte\/wp-content\/uploads\/sites\/12\/2021\/11\/matheus-768x890.png 768w\" sizes=\"(max-width: 570px) 100vw, 570px\" \/><\/figure>\n\n\n\n<p>&#8220;Matheus realizou seu desenho com caneta esferogr\u00e1fica, por livre escolha. Enquanto desenhava, sendo filmado, ele mesmo contava o que estava representando. Observou sua girosfera para desenh\u00e1-la, comparando seu desenho com o real. Desenhou uma m\u00e1quina de matar, a figura central, come\u00e7ando pelo rabo e terminando na cabe\u00e7a. Por \u00faltimo, desenhou o olho do Indominus Rex, despendendo bastante tempo, sendo que pintou com caneta mesmo o que acreditou ser necess\u00e1rio destacar. Desenhou com riqueza de detalhes e, em seu \u00e1udio, expressou tamb\u00e9m essa riqueza. Na sua composi\u00e7\u00e3o organizou os elementos, dispondo a figura principal no centro. No v\u00eddeo e nos \u00e1udios que enviou, ficou clara sua satisfa\u00e7\u00e3o com o desenho, mesmo pontuando algumas vezes que era para ser um dinossauro, mas n\u00e3o era, ent\u00e3o era falso, e que sua girosfera tinha ficado uma bola torta. Observamos a liberdade de cria\u00e7\u00e3o, pois Matheus se apropria de muitos elementos dos personagens j\u00e1 conhecidos da m\u00eddia.\u00a0&#8220;<\/p>\n\n\n\n<p class=\"has-text-align-right\"><em><strong>Professoras Fabiana Lyra Marques e Glaucia da Silva Feitoza Frasquetti<\/strong><\/em><\/p>\n","protected":false},"excerpt":{"rendered":"<p>&#8220;Matheus realizou seu desenho com caneta esferogr\u00e1fica, por livre escolha. Enquanto desenhava, sendo filmado, ele mesmo contava o que estava representando. Observou sua girosfera para desenh\u00e1-la, comparando seu desenho com &hellip; <\/p>\n<p class=\"link-more\"><a href=\"http:\/\/portaleducacao.guarulhos.sp.gov.br\/wp_site\/arte\/galeria\/acervo-2021\/matheus-6-anos\/\" class=\"more-link\">Continue lendo<span class=\"screen-reader-text\"> &#8220;Matheus, 6 anos&#8221;<\/span><\/a><\/p>\n","protected":false},"author":13,"featured_media":0,"parent":95,"menu_order":0,"comment_status":"open","ping_status":"closed","template":"","meta":{"_monsterinsights_skip_tracking":false,"_monsterinsights_sitenote_active":false,"_monsterinsights_sitenote_note":"","_monsterinsights_sitenote_category":0,"_expiration-date-status":"","_expiration-date":0,"_expiration-date-type":"","_expiration-date-categories":[],"_expiration-date-options":[]},"categories":[],"tags":[],"yoast_head":"<!-- This site is optimized with the Yoast SEO plugin v19.7.1 - https:\/\/yoast.com\/wordpress\/plugins\/seo\/ -->\r\n<title>Matheus, 6 anos -<\/title>\r\n<meta name=\"robots\" content=\"index, follow, max-snippet:-1, max-image-preview:large, max-video-preview:-1\" \/>\r\n<link rel=\"canonical\" href=\"http:\/\/portaleducacao.guarulhos.sp.gov.br\/wp_site\/arte\/galeria\/acervo-2021\/matheus-6-anos\/\" \/>\r\n<meta property=\"og:locale\" content=\"pt_BR\" \/>\r\n<meta property=\"og:type\" content=\"article\" \/>\r\n<meta property=\"og:title\" content=\"Matheus, 6 anos -\" \/>\r\n<meta property=\"og:description\" content=\"&#8220;Matheus realizou seu desenho com caneta esferogr\u00e1fica, por livre escolha. Enquanto desenhava, sendo filmado, ele mesmo contava o que estava representando. Observou sua girosfera para desenh\u00e1-la, comparando seu desenho com &hellip; Continue lendo &quot;Matheus, 6 anos&quot;\" \/>\r\n<meta property=\"og:url\" content=\"http:\/\/portaleducacao.guarulhos.sp.gov.br\/wp_site\/arte\/galeria\/acervo-2021\/matheus-6-anos\/\" \/>\r\n<meta property=\"article:modified_time\" content=\"2021-12-06T15:10:19+00:00\" \/>\r\n<meta property=\"og:image\" content=\"http:\/\/portaleducacao.guarulhos.sp.gov.br\/wp_site\/arte\/wp-content\/uploads\/sites\/12\/2021\/11\/matheus.png\" \/>\r\n<meta name=\"twitter:card\" content=\"summary_large_image\" \/>\r\n<meta name=\"twitter:label1\" content=\"Est. tempo de leitura\" \/>\n\t<meta name=\"twitter:data1\" content=\"1 minuto\" \/>\r\n<script type=\"application\/ld+json\" class=\"yoast-schema-graph\">{\"@context\":\"https:\/\/schema.org\",\"@graph\":[{\"@type\":\"WebPage\",\"@id\":\"http:\/\/portaleducacao.guarulhos.sp.gov.br\/wp_site\/arte\/galeria\/acervo-2021\/matheus-6-anos\/\",\"url\":\"http:\/\/portaleducacao.guarulhos.sp.gov.br\/wp_site\/arte\/galeria\/acervo-2021\/matheus-6-anos\/\",\"name\":\"Matheus, 6 anos -\",\"isPartOf\":{\"@id\":\"http:\/\/portaleducacao.guarulhos.sp.gov.br\/wp_site\/arte\/#website\"},\"datePublished\":\"2021-12-06T11:43:20+00:00\",\"dateModified\":\"2021-12-06T15:10:19+00:00\",\"breadcrumb\":{\"@id\":\"http:\/\/portaleducacao.guarulhos.sp.gov.br\/wp_site\/arte\/galeria\/acervo-2021\/matheus-6-anos\/#breadcrumb\"},\"inLanguage\":\"pt-BR\",\"potentialAction\":[{\"@type\":\"ReadAction\",\"target\":[\"http:\/\/portaleducacao.guarulhos.sp.gov.br\/wp_site\/arte\/galeria\/acervo-2021\/matheus-6-anos\/\"]}]},{\"@type\":\"BreadcrumbList\",\"@id\":\"http:\/\/portaleducacao.guarulhos.sp.gov.br\/wp_site\/arte\/galeria\/acervo-2021\/matheus-6-anos\/#breadcrumb\",\"itemListElement\":[{\"@type\":\"ListItem\",\"position\":1,\"name\":\"In\u00edcio\",\"item\":\"http:\/\/portaleducacao.guarulhos.sp.gov.br\/wp_site\/arte\/\"},{\"@type\":\"ListItem\",\"position\":2,\"name\":\"Galeria\",\"item\":\"http:\/\/portaleducacao.guarulhos.sp.gov.br\/wp_site\/arte\/galeria\/\"},{\"@type\":\"ListItem\",\"position\":3,\"name\":\"Acervo 2021\",\"item\":\"http:\/\/portaleducacao.guarulhos.sp.gov.br\/wp_site\/arte\/galeria\/acervo-2021\/\"},{\"@type\":\"ListItem\",\"position\":4,\"name\":\"Matheus, 6 anos\"}]},{\"@type\":\"WebSite\",\"@id\":\"http:\/\/portaleducacao.guarulhos.sp.gov.br\/wp_site\/arte\/#website\",\"url\":\"http:\/\/portaleducacao.guarulhos.sp.gov.br\/wp_site\/arte\/\",\"name\":\"\",\"description\":\"\",\"potentialAction\":[{\"@type\":\"SearchAction\",\"target\":{\"@type\":\"EntryPoint\",\"urlTemplate\":\"http:\/\/portaleducacao.guarulhos.sp.gov.br\/wp_site\/arte\/?s={search_term_string}\"},\"query-input\":\"required name=search_term_string\"}],\"inLanguage\":\"pt-BR\"}]}<\/script>\r\n<!-- \/ Yoast SEO plugin. -->","yoast_head_json":{"title":"Matheus, 6 anos -","robots":{"index":"index","follow":"follow","max-snippet":"max-snippet:-1","max-image-preview":"max-image-preview:large","max-video-preview":"max-video-preview:-1"},"canonical":"http:\/\/portaleducacao.guarulhos.sp.gov.br\/wp_site\/arte\/galeria\/acervo-2021\/matheus-6-anos\/","og_locale":"pt_BR","og_type":"article","og_title":"Matheus, 6 anos -","og_description":"&#8220;Matheus realizou seu desenho com caneta esferogr\u00e1fica, por livre escolha. Enquanto desenhava, sendo filmado, ele mesmo contava o que estava representando. Observou sua girosfera para desenh\u00e1-la, comparando seu desenho com &hellip; Continue lendo \"Matheus, 6 anos\"","og_url":"http:\/\/portaleducacao.guarulhos.sp.gov.br\/wp_site\/arte\/galeria\/acervo-2021\/matheus-6-anos\/","article_modified_time":"2021-12-06T15:10:19+00:00","og_image":[{"url":"http:\/\/portaleducacao.guarulhos.sp.gov.br\/wp_site\/arte\/wp-content\/uploads\/sites\/12\/2021\/11\/matheus.png"}],"twitter_card":"summary_large_image","twitter_misc":{"Est. tempo de leitura":"1 minuto"},"schema":{"@context":"https:\/\/schema.org","@graph":[{"@type":"WebPage","@id":"http:\/\/portaleducacao.guarulhos.sp.gov.br\/wp_site\/arte\/galeria\/acervo-2021\/matheus-6-anos\/","url":"http:\/\/portaleducacao.guarulhos.sp.gov.br\/wp_site\/arte\/galeria\/acervo-2021\/matheus-6-anos\/","name":"Matheus, 6 anos -","isPartOf":{"@id":"http:\/\/portaleducacao.guarulhos.sp.gov.br\/wp_site\/arte\/#website"},"datePublished":"2021-12-06T11:43:20+00:00","dateModified":"2021-12-06T15:10:19+00:00","breadcrumb":{"@id":"http:\/\/portaleducacao.guarulhos.sp.gov.br\/wp_site\/arte\/galeria\/acervo-2021\/matheus-6-anos\/#breadcrumb"},"inLanguage":"pt-BR","potentialAction":[{"@type":"ReadAction","target":["http:\/\/portaleducacao.guarulhos.sp.gov.br\/wp_site\/arte\/galeria\/acervo-2021\/matheus-6-anos\/"]}]},{"@type":"BreadcrumbList","@id":"http:\/\/portaleducacao.guarulhos.sp.gov.br\/wp_site\/arte\/galeria\/acervo-2021\/matheus-6-anos\/#breadcrumb","itemListElement":[{"@type":"ListItem","position":1,"name":"In\u00edcio","item":"http:\/\/portaleducacao.guarulhos.sp.gov.br\/wp_site\/arte\/"},{"@type":"ListItem","position":2,"name":"Galeria","item":"http:\/\/portaleducacao.guarulhos.sp.gov.br\/wp_site\/arte\/galeria\/"},{"@type":"ListItem","position":3,"name":"Acervo 2021","item":"http:\/\/portaleducacao.guarulhos.sp.gov.br\/wp_site\/arte\/galeria\/acervo-2021\/"},{"@type":"ListItem","position":4,"name":"Matheus, 6 anos"}]},{"@type":"WebSite","@id":"http:\/\/portaleducacao.guarulhos.sp.gov.br\/wp_site\/arte\/#website","url":"http:\/\/portaleducacao.guarulhos.sp.gov.br\/wp_site\/arte\/","name":"","description":"","potentialAction":[{"@type":"SearchAction","target":{"@type":"EntryPoint","urlTemplate":"http:\/\/portaleducacao.guarulhos.sp.gov.br\/wp_site\/arte\/?s={search_term_string}"},"query-input":"required name=search_term_string"}],"inLanguage":"pt-BR"}]}},"_links":{"self":[{"href":"http:\/\/portaleducacao.guarulhos.sp.gov.br\/wp_site\/arte\/wp-json\/wp\/v2\/pages\/130"}],"collection":[{"href":"http:\/\/portaleducacao.guarulhos.sp.gov.br\/wp_site\/arte\/wp-json\/wp\/v2\/pages"}],"about":[{"href":"http:\/\/portaleducacao.guarulhos.sp.gov.br\/wp_site\/arte\/wp-json\/wp\/v2\/types\/page"}],"author":[{"embeddable":true,"href":"http:\/\/portaleducacao.guarulhos.sp.gov.br\/wp_site\/arte\/wp-json\/wp\/v2\/users\/13"}],"replies":[{"embeddable":true,"href":"http:\/\/portaleducacao.guarulhos.sp.gov.br\/wp_site\/arte\/wp-json\/wp\/v2\/comments?post=130"}],"version-history":[{"count":4,"href":"http:\/\/portaleducacao.guarulhos.sp.gov.br\/wp_site\/arte\/wp-json\/wp\/v2\/pages\/130\/revisions"}],"predecessor-version":[{"id":196,"href":"http:\/\/portaleducacao.guarulhos.sp.gov.br\/wp_site\/arte\/wp-json\/wp\/v2\/pages\/130\/revisions\/196"}],"up":[{"embeddable":true,"href":"http:\/\/portaleducacao.guarulhos.sp.gov.br\/wp_site\/arte\/wp-json\/wp\/v2\/pages\/95"}],"wp:attachment":[{"href":"http:\/\/portaleducacao.guarulhos.sp.gov.br\/wp_site\/arte\/wp-json\/wp\/v2\/media?parent=130"}],"wp:term":[{"taxonomy":"category","embeddable":true,"href":"http:\/\/portaleducacao.guarulhos.sp.gov.br\/wp_site\/arte\/wp-json\/wp\/v2\/categories?post=130"},{"taxonomy":"post_tag","embeddable":true,"href":"http:\/\/portaleducacao.guarulhos.sp.gov.br\/wp_site\/arte\/wp-json\/wp\/v2\/tags?post=130"}],"curies":[{"name":"wp","href":"https:\/\/api.w.org\/{rel}","templated":true}]}}