{"id":1094,"date":"2023-05-16T16:18:14","date_gmt":"2023-05-16T19:18:14","guid":{"rendered":"https:\/\/portaleducacao.guarulhos.sp.gov.br\/wp_site\/abrilliterario\/?page_id=1094"},"modified":"2024-07-10T11:45:12","modified_gmt":"2024-07-10T14:45:12","slug":"concurso-literario","status":"publish","type":"page","link":"https:\/\/portaleducacao.guarulhos.sp.gov.br\/wp_site\/abrilliterario\/concurso-literario\/","title":{"rendered":"Concurso Liter\u00e1rio"},"content":{"rendered":"\n<p class=\"has-text-align-center has-medium-font-size\"><strong>Concurso Liter\u00e1rio &#8220;Os pensamentos voam e as palavras conectam&#8221;<br>Edi\u00e7\u00e3o 2023 \u2014 &#8220;Da diversidade humana \u00e0 diversidade liter\u00e1ria&#8221;<\/strong><\/p>\n\n\n\n<figure class=\"wp-block-image aligncenter size-large is-resized\"><img loading=\"lazy\" src=\"https:\/\/portaleducacao.guarulhos.sp.gov.br\/wp_site\/abrilliterario\/wp-content\/uploads\/sites\/24\/2023\/05\/Concurso-Literario-1024x1024.jpeg\" alt=\"\" class=\"wp-image-1098\" width=\"659\" height=\"659\" srcset=\"https:\/\/portaleducacao.guarulhos.sp.gov.br\/wp_site\/abrilliterario\/wp-content\/uploads\/sites\/24\/2023\/05\/Concurso-Literario-1024x1024.jpeg 1024w, https:\/\/portaleducacao.guarulhos.sp.gov.br\/wp_site\/abrilliterario\/wp-content\/uploads\/sites\/24\/2023\/05\/Concurso-Literario-300x300.jpeg 300w, https:\/\/portaleducacao.guarulhos.sp.gov.br\/wp_site\/abrilliterario\/wp-content\/uploads\/sites\/24\/2023\/05\/Concurso-Literario-150x150.jpeg 150w, https:\/\/portaleducacao.guarulhos.sp.gov.br\/wp_site\/abrilliterario\/wp-content\/uploads\/sites\/24\/2023\/05\/Concurso-Literario-768x768.jpeg 768w, https:\/\/portaleducacao.guarulhos.sp.gov.br\/wp_site\/abrilliterario\/wp-content\/uploads\/sites\/24\/2023\/05\/Concurso-Literario-1536x1536.jpeg 1536w, https:\/\/portaleducacao.guarulhos.sp.gov.br\/wp_site\/abrilliterario\/wp-content\/uploads\/sites\/24\/2023\/05\/Concurso-Literario.jpeg 1600w\" sizes=\"(max-width: 659px) 100vw, 659px\" \/><\/figure>\n\n\n\n<p><\/p>\n\n\n\n<p>O Munic\u00edpio de Guarulhos, por interm\u00e9dio do Departamento de Orienta\u00e7\u00f5es Educacionais e Pedag\u00f3gicas da Secretaria de Educa\u00e7\u00e3o, torna p\u00fablica a abertura de inscri\u00e7\u00f5es para o <strong>Concurso Liter\u00e1rio &#8220;Os pensamentos voam e as palavras conectam&#8221;<\/strong> \u2014<strong> Edi\u00e7\u00e3o 2023<\/strong> \u2014 <strong>&#8220;Da diversidade humana \u00e0 diversidade liter\u00e1ria&#8221;<\/strong>, observando as disposi\u00e7\u00f5es contidas na Lei Federal n<sup>o <\/sup>8.666\/93, Lei Municipal n<sup>o <\/sup>7.016\/2012 e as condi\u00e7\u00f5es e exig\u00eancias estabelecidas neste Edital.<\/p>\n\n\n\n<p>O concurso objetiva valorizar as produ\u00e7\u00f5es liter\u00e1rias das escolas, de modo a promover um espa\u00e7o para que crian\u00e7as, jovens e adultos expressem suas ideias e vivenciem o processo de cria\u00e7\u00e3o de livros.<\/p>\n\n\n\n<p>As inscri\u00e7\u00f5es ser\u00e3o gratuitas e estar\u00e3o abertas no per\u00edodo de <strong>15 de maio a 30 de junho de 2023.<\/strong><\/p>\n\n\n\n<p>As inscri\u00e7\u00f5es ser\u00e3o gratuitas e estar\u00e3o abertas no per\u00edodo de 15 de maio a 30 de junho de 2023, e ser\u00e3o realizadas exclusivamente pela internet, em formul\u00e1rio a ser disponibilizado nos seguintes endere\u00e7os eletr\u00f4nicos: <a href=\"https:\/\/forms.office.com\/r\/PtvFpJqxRh;\" target=\"_blank\" rel=\"noreferrer noopener\">https:\/\/forms.office.com\/r\/PtvFpJqxRh;<\/a><br><a href=\"http:\/\/portaleducacao.guarulhos.sp.gov.br\/wp_site\/abrilliterario\/\" target=\"_blank\" rel=\"noreferrer noopener\">http:\/\/portaleducacao.guarulhos.sp.gov.br\/wp_site\/abrilliterario\/<\/a><\/p>\n\n\n\n<p>A inscri\u00e7\u00e3o no Concurso n\u00e3o garante a sele\u00e7\u00e3o da respectiva obra.<\/p>\n\n\n\n<p>N\u00e3o ser\u00e3o avaliadas as inscri\u00e7\u00f5es\/obras que estejam em desacordo com as exig\u00eancias e condi\u00e7\u00f5es estabelecidas no Edital.<\/p>\n\n\n\n<p><strong>Mais informa\u00e7\u00f5es no Edital de Abertura \u2013 Concurso Liter\u00e1rio: <\/strong><a href=\"https:\/\/portaleducacao.guarulhos.sp.gov.br\/siseduc\/portal\/exibir\/arquivo\/10838\/inline\/\">https:\/\/portaleducacao.guarulhos.sp.gov.br\/siseduc\/portal\/exibir\/arquivo\/10838\/inline\/<\/a><\/p>\n\n\n\n<p class=\"has-text-align-center has-medium-font-size\"><strong>Sequ\u00eancia Did\u00e1tica<\/strong><\/p>\n\n\n\n<p>Sequ\u00eancia did\u00e1tica &#8211; como uma das modalidades organizativas do trabalho docente, s\u00e3o situa\u00e7\u00f5es de aprendizagem articuladas que, como o pr\u00f3prio nome j\u00e1 indica, de forma sequenciada, organiza atividades com n\u00edvel de aprofundamento progressivo para a constru\u00e7\u00e3o de um determinado conhecimento.<\/p>\n\n\n\n<p>A sequ\u00eancia did\u00e1tica tem como caracter\u00edstica propor desafios progressivos nas atividades de forma sequencial. Assemelha-se ao projeto, por\u00e9m, n\u00e3o exige um produto final, apenas uma atividade de fechamento ou sistematiza\u00e7\u00e3o. Pode ou n\u00e3o estar integrado ao projeto. (GUARULHOS. 2021.P. 132)<\/p>\n\n\n\n<p>Na publica\u00e7\u00e3o Forma\u00e7\u00e3o 2020 | LEIA &#8211; Leitura, Emancipa\u00e7\u00e3o, Intera\u00e7\u00e3o, Alfabetiza\u00e7\u00e3o de 2021, dispon\u00edvel para acesso no Portal SE Informe da Secretaria de Educa\u00e7\u00e3o das p\u00e1ginas 133 a 137, \u00e9 poss\u00edvel encontrar o registro de uma sequ\u00eancia did\u00e1tica.<br>Para um trabalho mais completo e aprofundado, sugerimos a leitura dos textos:<\/p>\n\n\n\n<ul><li><strong> Produ\u00e7\u00e3o escrita: trabalhando com g\u00eaneros textuais \/ caderno do professor \/ <\/strong>Maria da Gra\u00e7a Costa Val et al. \u2013 Belo Horizonte: Cale\/FaE\/UFMG, 2007. 68 p. \u2013 (Cole\u00e7\u00e3o Alfabetiza\u00e7\u00e3o e Letramento). Dispon\u00edvel em: https:\/\/www.ceale.fae.ufmg.br\/pages\/view\/10-producao-escrita-trabalhando-com-generos-textuais.html Acesso em: 08\/05\/2023.<\/li><\/ul>\n\n\n\n<ul><li><strong>Sequ\u00eancia did\u00e1tica e ensino de g\u00eaneros textuais \/<\/strong> Helo\u00edsa Amaral.<br>Dispon\u00edvel em: https:\/\/www.escrevendoofuturo.org.br\/conteudo\/biblioteca\/artigos\/artigo\/1539\/sequencia-didatica-e-ensino-de-generos-textuais Acesso em: 08\/05\/2023.<\/li><\/ul>\n\n\n\n<p><strong>ATEN\u00c7\u00c3O: As etapas da Sequ\u00eancia Did\u00e1tica a seguir foram pensadas para serem realizadas no per\u00edodo de 03\/07 a 01\/09\/2023, conforme a organiza\u00e7\u00e3o de cada escola.<\/strong><\/p>\n\n\n\n<p><strong>Para acessar a Sequ\u00eancia Did\u00e1tica na \u00edntegra acesse o link: <\/strong><a href=\"https:\/\/portaleducacao.guarulhos.sp.gov.br\/siseduc\/portal\/exibir\/arquivo\/10877\/inline\/\">https:\/\/portaleducacao.guarulhos.sp.gov.br\/siseduc\/portal\/exibir\/arquivo\/10877\/inline\/<\/a><\/p>\n\n\n\n<p class=\"has-text-align-center has-large-font-size\"><strong>Obras e Educandos Laureados<\/strong><\/p>\n\n\n\n<p class=\"has-medium-font-size\"><strong>T\u00edtulo do livro: <\/strong>As meninas e a cidade sem cor<br><strong>Educanda escritora:<\/strong> Geovana de Oliveira Nascimento<br><strong>Escola: <\/strong>EPG Dorcelina de Oliveira Folador<br><strong>Professora:<\/strong> Lisandri Sanches Padovan\/ <strong>Turma:<\/strong> 5\u00ba E<\/p>\n\n\n\n<p class=\"has-medium-font-size\"><strong>T\u00edtulo do livro:<\/strong> Os tr\u00eas aventureiros<br><strong>Educando escritor:<\/strong> Gustavo Dantes dos Santos<br><strong>Educando Ilustrador:<\/strong> Enzo Gustavo Santos Silva<br><strong>Escola:<\/strong> EPG Per\u00e1cio Grilli<br><strong>Professora:<\/strong> Patr\u00edcia Santaguida Bernardes \/ <strong>Turma:<\/strong> 5\u00ba C<\/p>\n\n\n\n<p class=\"has-medium-font-size\"><strong>T\u00edtulo do livro:<\/strong> Onde est\u00e1 o material do Ruan?<br><strong>Educando escritor e Ilustrador:<\/strong> Ruan Nicolas da Silva de Paula<br><strong>Escola:<\/strong> EPG Vereador Gilmar Lopes<br><strong>Professora:<\/strong> Daniela Magalh\u00e3es Souza Jesus \/ <strong>Turma:<\/strong> 2\u00ba A<\/p>\n\n\n\n<p class=\"has-medium-font-size\"><strong>T\u00edtulo do livro:<\/strong> Uma aventura espacial<br><strong>Educando escritor(a) e Ilustrador(a):<\/strong> Escrita coletiva<br><strong>Escola:<\/strong> EPG Manoel Rezende da Silva<br><strong>Professora:<\/strong> Luciellen Eufr\u00e1sio de C. Ferreira \/ Turma: 1\u00ba B<\/p>\n\n\n\n<p class=\"has-medium-font-size\"><strong>T\u00edtulo do livro:<\/strong> O supermercado estranho<br><strong>Educando escritor:<\/strong> Jo\u00e3o Vitor Lemos Santos<br><strong>Educanda Ilustradora:<\/strong> Bruna Heloisa Neves de Souza<br><strong>Escola:<\/strong> EPG Padre Manuel de Paiva<br><strong>Professora: <\/strong>Vanessa Piccino Ponte \/ <strong>Turma:<\/strong> 5\u00ba B<\/p>\n\n\n\n<p class=\"has-medium-font-size\"><strong>T\u00edtulo do livro:<\/strong> O acampamento<br><strong>Educanda escritora e Ilustradora:<\/strong> Maria Eduarda Nascimento Marciano<br><strong>Escola:<\/strong> EPG Padre Manuel de Paiva<br><strong>Professora:<\/strong> Vanessa Piccino Ponte \/<strong> Turma: <\/strong>5\u00ba B<\/p>\n\n\n\n<p class=\"has-medium-font-size\"><strong>T\u00edtulo do livro:<\/strong> A visita inesperada ao hospital<br><strong>Educanda escritora e Ilustradora: <\/strong>Isabelly Chaves Silva<br><strong>Escola: <\/strong>EPG Padre Manuel de Paiva<br><strong>Professora:<\/strong> Vanessa Piccino Ponte \/ <strong>Turma: <\/strong>5\u00ba B<\/p>\n","protected":false},"excerpt":{"rendered":"<p>Concurso Liter\u00e1rio &#8220;Os pensamentos voam e as palavras conectam&#8221;Edi\u00e7\u00e3o 2023 \u2014 &#8220;Da diversidade humana \u00e0 diversidade liter\u00e1ria&#8221; O Munic\u00edpio de Guarulhos, por interm\u00e9dio do Departamento de Orienta\u00e7\u00f5es Educacionais e Pedag\u00f3gicas &hellip;<\/p>\n<p class=\"read-more\"> <a class=\"\" href=\"https:\/\/portaleducacao.guarulhos.sp.gov.br\/wp_site\/abrilliterario\/concurso-literario\/\"> <span class=\"screen-reader-text\">Concurso Liter\u00e1rio<\/span> Leia mais &raquo;<\/a><\/p>\n","protected":false},"author":8,"featured_media":0,"parent":0,"menu_order":0,"comment_status":"closed","ping_status":"closed","template":"","meta":{"_monsterinsights_skip_tracking":false,"_monsterinsights_sitenote_active":false,"_monsterinsights_sitenote_note":"","_monsterinsights_sitenote_category":0,"site-sidebar-layout":"default","site-content-layout":"default","ast-global-header-display":"","ast-main-header-display":"","ast-hfb-above-header-display":"","ast-hfb-below-header-display":"","ast-hfb-mobile-header-display":"","site-post-title":"","ast-breadcrumbs-content":"","ast-featured-img":"","footer-sml-layout":"","theme-transparent-header-meta":"","adv-header-id-meta":"","stick-header-meta":"","header-above-stick-meta":"","header-main-stick-meta":"","header-below-stick-meta":"","_expiration-date-status":"","_expiration-date":0,"_expiration-date-type":"","_expiration-date-categories":[],"_expiration-date-options":[]},"categories":[],"tags":[],"yoast_head":"<!-- This site is optimized with the Yoast SEO plugin v19.7.1 - https:\/\/yoast.com\/wordpress\/plugins\/seo\/ -->\r\n<title>Concurso Liter\u00e1rio - Abril Liter\u00e1rio<\/title>\r\n<meta name=\"robots\" content=\"index, follow, max-snippet:-1, max-image-preview:large, max-video-preview:-1\" \/>\r\n<link rel=\"canonical\" href=\"https:\/\/portaleducacao.guarulhos.sp.gov.br\/wp_site\/abrilliterario\/concurso-literario\/\" \/>\r\n<meta property=\"og:locale\" content=\"pt_BR\" \/>\r\n<meta property=\"og:type\" content=\"article\" \/>\r\n<meta property=\"og:title\" content=\"Concurso Liter\u00e1rio - Abril Liter\u00e1rio\" \/>\r\n<meta property=\"og:description\" content=\"Concurso Liter\u00e1rio &#8220;Os pensamentos voam e as palavras conectam&#8221;Edi\u00e7\u00e3o 2023 \u2014 &#8220;Da diversidade humana \u00e0 diversidade liter\u00e1ria&#8221; O Munic\u00edpio de Guarulhos, por interm\u00e9dio do Departamento de Orienta\u00e7\u00f5es Educacionais e Pedag\u00f3gicas &hellip; Concurso Liter\u00e1rio Leia mais &raquo;\" \/>\r\n<meta property=\"og:url\" content=\"https:\/\/portaleducacao.guarulhos.sp.gov.br\/wp_site\/abrilliterario\/concurso-literario\/\" \/>\r\n<meta property=\"og:site_name\" content=\"Abril Liter\u00e1rio\" \/>\r\n<meta property=\"article:modified_time\" content=\"2024-07-10T14:45:12+00:00\" \/>\r\n<meta property=\"og:image\" content=\"https:\/\/portaleducacao.guarulhos.sp.gov.br\/wp_site\/abrilliterario\/wp-content\/uploads\/sites\/24\/2023\/05\/Concurso-Literario-1024x1024.jpeg\" \/>\r\n<meta name=\"twitter:card\" content=\"summary_large_image\" \/>\r\n<meta name=\"twitter:label1\" content=\"Est. tempo de leitura\" \/>\n\t<meta name=\"twitter:data1\" content=\"4 minutos\" \/>\r\n<script type=\"application\/ld+json\" class=\"yoast-schema-graph\">{\"@context\":\"https:\/\/schema.org\",\"@graph\":[{\"@type\":\"WebPage\",\"@id\":\"https:\/\/portaleducacao.guarulhos.sp.gov.br\/wp_site\/abrilliterario\/concurso-literario\/\",\"url\":\"https:\/\/portaleducacao.guarulhos.sp.gov.br\/wp_site\/abrilliterario\/concurso-literario\/\",\"name\":\"Concurso Liter\u00e1rio - Abril Liter\u00e1rio\",\"isPartOf\":{\"@id\":\"https:\/\/portaleducacao.guarulhos.sp.gov.br\/wp_site\/abrilliterario\/#website\"},\"datePublished\":\"2023-05-16T19:18:14+00:00\",\"dateModified\":\"2024-07-10T14:45:12+00:00\",\"breadcrumb\":{\"@id\":\"https:\/\/portaleducacao.guarulhos.sp.gov.br\/wp_site\/abrilliterario\/concurso-literario\/#breadcrumb\"},\"inLanguage\":\"pt-BR\",\"potentialAction\":[{\"@type\":\"ReadAction\",\"target\":[\"https:\/\/portaleducacao.guarulhos.sp.gov.br\/wp_site\/abrilliterario\/concurso-literario\/\"]}]},{\"@type\":\"BreadcrumbList\",\"@id\":\"https:\/\/portaleducacao.guarulhos.sp.gov.br\/wp_site\/abrilliterario\/concurso-literario\/#breadcrumb\",\"itemListElement\":[{\"@type\":\"ListItem\",\"position\":1,\"name\":\"In\u00edcio\",\"item\":\"https:\/\/portaleducacao.guarulhos.sp.gov.br\/wp_site\/abrilliterario\/\"},{\"@type\":\"ListItem\",\"position\":2,\"name\":\"Concurso Liter\u00e1rio\"}]},{\"@type\":\"WebSite\",\"@id\":\"https:\/\/portaleducacao.guarulhos.sp.gov.br\/wp_site\/abrilliterario\/#website\",\"url\":\"https:\/\/portaleducacao.guarulhos.sp.gov.br\/wp_site\/abrilliterario\/\",\"name\":\"Abril Liter\u00e1rio\",\"description\":\"Literalmente isso...\",\"potentialAction\":[{\"@type\":\"SearchAction\",\"target\":{\"@type\":\"EntryPoint\",\"urlTemplate\":\"https:\/\/portaleducacao.guarulhos.sp.gov.br\/wp_site\/abrilliterario\/?s={search_term_string}\"},\"query-input\":\"required name=search_term_string\"}],\"inLanguage\":\"pt-BR\"}]}<\/script>\r\n<!-- \/ Yoast SEO plugin. -->","yoast_head_json":{"title":"Concurso Liter\u00e1rio - Abril Liter\u00e1rio","robots":{"index":"index","follow":"follow","max-snippet":"max-snippet:-1","max-image-preview":"max-image-preview:large","max-video-preview":"max-video-preview:-1"},"canonical":"https:\/\/portaleducacao.guarulhos.sp.gov.br\/wp_site\/abrilliterario\/concurso-literario\/","og_locale":"pt_BR","og_type":"article","og_title":"Concurso Liter\u00e1rio - Abril Liter\u00e1rio","og_description":"Concurso Liter\u00e1rio &#8220;Os pensamentos voam e as palavras conectam&#8221;Edi\u00e7\u00e3o 2023 \u2014 &#8220;Da diversidade humana \u00e0 diversidade liter\u00e1ria&#8221; O Munic\u00edpio de Guarulhos, por interm\u00e9dio do Departamento de Orienta\u00e7\u00f5es Educacionais e Pedag\u00f3gicas &hellip; Concurso Liter\u00e1rio Leia mais &raquo;","og_url":"https:\/\/portaleducacao.guarulhos.sp.gov.br\/wp_site\/abrilliterario\/concurso-literario\/","og_site_name":"Abril Liter\u00e1rio","article_modified_time":"2024-07-10T14:45:12+00:00","og_image":[{"url":"https:\/\/portaleducacao.guarulhos.sp.gov.br\/wp_site\/abrilliterario\/wp-content\/uploads\/sites\/24\/2023\/05\/Concurso-Literario-1024x1024.jpeg"}],"twitter_card":"summary_large_image","twitter_misc":{"Est. tempo de leitura":"4 minutos"},"schema":{"@context":"https:\/\/schema.org","@graph":[{"@type":"WebPage","@id":"https:\/\/portaleducacao.guarulhos.sp.gov.br\/wp_site\/abrilliterario\/concurso-literario\/","url":"https:\/\/portaleducacao.guarulhos.sp.gov.br\/wp_site\/abrilliterario\/concurso-literario\/","name":"Concurso Liter\u00e1rio - Abril Liter\u00e1rio","isPartOf":{"@id":"https:\/\/portaleducacao.guarulhos.sp.gov.br\/wp_site\/abrilliterario\/#website"},"datePublished":"2023-05-16T19:18:14+00:00","dateModified":"2024-07-10T14:45:12+00:00","breadcrumb":{"@id":"https:\/\/portaleducacao.guarulhos.sp.gov.br\/wp_site\/abrilliterario\/concurso-literario\/#breadcrumb"},"inLanguage":"pt-BR","potentialAction":[{"@type":"ReadAction","target":["https:\/\/portaleducacao.guarulhos.sp.gov.br\/wp_site\/abrilliterario\/concurso-literario\/"]}]},{"@type":"BreadcrumbList","@id":"https:\/\/portaleducacao.guarulhos.sp.gov.br\/wp_site\/abrilliterario\/concurso-literario\/#breadcrumb","itemListElement":[{"@type":"ListItem","position":1,"name":"In\u00edcio","item":"https:\/\/portaleducacao.guarulhos.sp.gov.br\/wp_site\/abrilliterario\/"},{"@type":"ListItem","position":2,"name":"Concurso Liter\u00e1rio"}]},{"@type":"WebSite","@id":"https:\/\/portaleducacao.guarulhos.sp.gov.br\/wp_site\/abrilliterario\/#website","url":"https:\/\/portaleducacao.guarulhos.sp.gov.br\/wp_site\/abrilliterario\/","name":"Abril Liter\u00e1rio","description":"Literalmente isso...","potentialAction":[{"@type":"SearchAction","target":{"@type":"EntryPoint","urlTemplate":"https:\/\/portaleducacao.guarulhos.sp.gov.br\/wp_site\/abrilliterario\/?s={search_term_string}"},"query-input":"required name=search_term_string"}],"inLanguage":"pt-BR"}]}},"_links":{"self":[{"href":"https:\/\/portaleducacao.guarulhos.sp.gov.br\/wp_site\/abrilliterario\/wp-json\/wp\/v2\/pages\/1094"}],"collection":[{"href":"https:\/\/portaleducacao.guarulhos.sp.gov.br\/wp_site\/abrilliterario\/wp-json\/wp\/v2\/pages"}],"about":[{"href":"https:\/\/portaleducacao.guarulhos.sp.gov.br\/wp_site\/abrilliterario\/wp-json\/wp\/v2\/types\/page"}],"author":[{"embeddable":true,"href":"https:\/\/portaleducacao.guarulhos.sp.gov.br\/wp_site\/abrilliterario\/wp-json\/wp\/v2\/users\/8"}],"replies":[{"embeddable":true,"href":"https:\/\/portaleducacao.guarulhos.sp.gov.br\/wp_site\/abrilliterario\/wp-json\/wp\/v2\/comments?post=1094"}],"version-history":[{"count":9,"href":"https:\/\/portaleducacao.guarulhos.sp.gov.br\/wp_site\/abrilliterario\/wp-json\/wp\/v2\/pages\/1094\/revisions"}],"predecessor-version":[{"id":2365,"href":"https:\/\/portaleducacao.guarulhos.sp.gov.br\/wp_site\/abrilliterario\/wp-json\/wp\/v2\/pages\/1094\/revisions\/2365"}],"wp:attachment":[{"href":"https:\/\/portaleducacao.guarulhos.sp.gov.br\/wp_site\/abrilliterario\/wp-json\/wp\/v2\/media?parent=1094"}],"wp:term":[{"taxonomy":"category","embeddable":true,"href":"https:\/\/portaleducacao.guarulhos.sp.gov.br\/wp_site\/abrilliterario\/wp-json\/wp\/v2\/categories?post=1094"},{"taxonomy":"post_tag","embeddable":true,"href":"https:\/\/portaleducacao.guarulhos.sp.gov.br\/wp_site\/abrilliterario\/wp-json\/wp\/v2\/tags?post=1094"}],"curies":[{"name":"wp","href":"https:\/\/api.w.org\/{rel}","templated":true}]}}