{"id":180,"date":"2023-03-10T10:30:28","date_gmt":"2023-03-10T13:30:28","guid":{"rendered":"https:\/\/portaleducacao.guarulhos.sp.gov.br\/wp_site\/abrilliterario2023\/?page_id=180"},"modified":"2023-03-31T09:40:32","modified_gmt":"2023-03-31T12:40:32","slug":"ceus","status":"publish","type":"page","link":"https:\/\/portaleducacao.guarulhos.sp.gov.br\/wp_site\/abrilliterario\/ceus\/","title":{"rendered":"CEUs"},"content":{"rendered":"<p><strong>Data: <\/strong>03\/04\/2023<br \/><strong>Unidade:<\/strong> CEU Continental<br \/><strong>Respons\u00e1vel:<\/strong> Ricardo Escobar Souza<br \/><strong>Atividade\/Descri\u00e7\u00e3o:<\/strong> Conta\u00e7\u00e3o de Hist\u00f3ria<br \/><strong>P\u00fablico-alvo:<\/strong> Ensino Fundamental &#8211; 3\u00ba, 4\u00ba e 5\u00ba Ano (Per\u00edodo Tarde)<\/p>\n\n\n<hr class=\"wp-block-separator has-alpha-channel-opacity is-style-wide\" \/>\n\n\n<p><strong>Data:<\/strong> 19\/04\/2023<br \/><strong>Unidade:<\/strong> CEU Continental<br \/><strong>Respons\u00e1vel:<\/strong> Silvana da Silva Oliveira<br \/><strong>Atividade\/Descri\u00e7\u00e3o:<\/strong> Leitura do livro \u201cTudo bem ser diferente\u201d do autor Todds Parr, roda de conversa a respeito das diversidades, jogos e brincadeiras abordando a inclus\u00e3o.<br \/><strong>P\u00fablico-alvo:<\/strong> Ensino Fundamental 1\u00ba e 2\u00ba Ano (Per\u00edodo Manh\u00e3)<\/p>\n\n\n<hr class=\"wp-block-separator has-alpha-channel-opacity is-style-wide\" \/>\n\n\n<p><strong>Data:<\/strong> 23\/04\/2023<br \/><strong>Unidade:<\/strong> CEU Jardim Cumbica<br \/><strong>Respons\u00e1vel:<\/strong> Shirley<br \/><strong>Atividade\/Descri\u00e7\u00e3o:<\/strong> Transv\u00ea- Interven\u00e7\u00e3o Po\u00e9tica As Interven\u00e7\u00f5es Po\u00e9ticas come\u00e7am na prepara\u00e7\u00e3o do jornal que \u00e9 colado no exterior da garrafa e logo ap\u00f3s recebe um poema impresso sobrepondo este e a garrafa (pr\u00e1tica oferecida na oficina). Ap\u00f3s essa prepara\u00e7\u00e3o, as garrafas po\u00e9ticas seguem para a interven\u00e7\u00e3o, ornamentando o lugar escolhido como pra\u00e7as, postes e \u00e1rvores, levando a finaliza\u00e7\u00e3o do processo de concretiza\u00e7\u00e3o ao p\u00fablico. As garrafas ficam dispon\u00edveis gratuitamente para serem levadas pelas pessoas, motivando a leitura.<br \/><strong>P\u00fablico-alvo:<\/strong> Para membros da comunidade em geral (Per\u00edodo Tarde)<\/p>\n\n\n<hr class=\"wp-block-separator has-alpha-channel-opacity is-style-wide\" \/>\n\n\n<p><strong>Data:<\/strong> 26\/04\/2023<br \/><strong>Unidade:<\/strong> CEU Jardim Cumbica<br \/><strong>Respons\u00e1vel: <\/strong>Mary Hellen<br \/><strong>Atividade\/Descri\u00e7\u00e3o: <\/strong>Teatro adaptado &#8220;O M\u00e1gico de Oz&#8221; e exposi\u00e7\u00e3o<br \/><strong>P\u00fablico-alvo:<\/strong> Ensino Fundamental 1\u00ba, 2\u00ba, 3\u00ba, 4\u00ba e 5\u00ba Ano<\/p>\n\n\n<hr class=\"wp-block-separator has-alpha-channel-opacity is-style-wide\" \/>\n\n\n<p><strong>Data: <\/strong>29\/04\/2023<br \/><strong>Unidade:<\/strong> CEU Jardim Cumbica<br \/><strong>Respons\u00e1vel:<\/strong> Teresa Lopes (Poetisa)<br \/><strong>Atividade\/Descri\u00e7\u00e3o:<\/strong> Sarau Liter\u00e1rio da Diversidade Cultural. O encontro festivo contar\u00e1 com apresenta\u00e7\u00f5es musicais como serestas, repentes, cantos e apresenta\u00e7\u00f5es solo, demonstra\u00e7\u00f5es, interpreta\u00e7\u00f5es ou performances art\u00edsticas e liter\u00e1rias.<br \/><strong>P\u00fablico-alvo:<\/strong> Aberto ao p\u00fablico em geral. Classifica\u00e7\u00e3o livre (Per\u00edodo Tarde)<\/p>","protected":false},"excerpt":{"rendered":"<p>Data: 03\/04\/2023Unidade: CEU ContinentalRespons\u00e1vel: Ricardo Escobar SouzaAtividade\/Descri\u00e7\u00e3o: Conta\u00e7\u00e3o de Hist\u00f3riaP\u00fablico-alvo: Ensino Fundamental &#8211; 3\u00ba, 4\u00ba e 5\u00ba Ano (Per\u00edodo Tarde) Data: 19\/04\/2023Unidade: CEU ContinentalRespons\u00e1vel: Silvana da Silva OliveiraAtividade\/Descri\u00e7\u00e3o: Leitura do &hellip;<\/p>\n<p class=\"read-more\"> <a class=\"\" href=\"https:\/\/portaleducacao.guarulhos.sp.gov.br\/wp_site\/abrilliterario\/ceus\/\"> <span class=\"screen-reader-text\">CEUs<\/span> Leia mais &raquo;<\/a><\/p>\n","protected":false},"author":8,"featured_media":0,"parent":0,"menu_order":0,"comment_status":"closed","ping_status":"closed","template":"","meta":{"_monsterinsights_skip_tracking":false,"_monsterinsights_sitenote_active":false,"_monsterinsights_sitenote_note":"","_monsterinsights_sitenote_category":0,"site-sidebar-layout":"default","site-content-layout":"default","ast-global-header-display":"","ast-main-header-display":"","ast-hfb-above-header-display":"","ast-hfb-below-header-display":"","ast-hfb-mobile-header-display":"","site-post-title":"","ast-breadcrumbs-content":"","ast-featured-img":"","footer-sml-layout":"","theme-transparent-header-meta":"","adv-header-id-meta":"","stick-header-meta":"","header-above-stick-meta":"","header-main-stick-meta":"","header-below-stick-meta":"","_expiration-date-status":"","_expiration-date":0,"_expiration-date-type":"","_expiration-date-categories":[],"_expiration-date-options":[]},"categories":[],"tags":[],"yoast_head":"<!-- This site is optimized with the Yoast SEO plugin v19.7.1 - https:\/\/yoast.com\/wordpress\/plugins\/seo\/ -->\r\n<title>CEUs - Abril Liter\u00e1rio<\/title>\r\n<meta name=\"robots\" content=\"index, follow, max-snippet:-1, max-image-preview:large, max-video-preview:-1\" \/>\r\n<link rel=\"canonical\" href=\"https:\/\/portaleducacao.guarulhos.sp.gov.br\/wp_site\/abrilliterario\/ceus\/\" \/>\r\n<meta property=\"og:locale\" content=\"pt_BR\" \/>\r\n<meta property=\"og:type\" content=\"article\" \/>\r\n<meta property=\"og:title\" content=\"CEUs - Abril Liter\u00e1rio\" \/>\r\n<meta property=\"og:description\" content=\"Data: 03\/04\/2023Unidade: CEU ContinentalRespons\u00e1vel: Ricardo Escobar SouzaAtividade\/Descri\u00e7\u00e3o: Conta\u00e7\u00e3o de Hist\u00f3riaP\u00fablico-alvo: Ensino Fundamental &#8211; 3\u00ba, 4\u00ba e 5\u00ba Ano (Per\u00edodo Tarde) Data: 19\/04\/2023Unidade: CEU ContinentalRespons\u00e1vel: Silvana da Silva OliveiraAtividade\/Descri\u00e7\u00e3o: Leitura do &hellip; CEUs Leia mais &raquo;\" \/>\r\n<meta property=\"og:url\" content=\"https:\/\/portaleducacao.guarulhos.sp.gov.br\/wp_site\/abrilliterario\/ceus\/\" \/>\r\n<meta property=\"og:site_name\" content=\"Abril Liter\u00e1rio\" \/>\r\n<meta property=\"article:modified_time\" content=\"2023-03-31T12:40:32+00:00\" \/>\r\n<meta name=\"twitter:card\" content=\"summary_large_image\" \/>\r\n<meta name=\"twitter:label1\" content=\"Est. tempo de leitura\" \/>\n\t<meta name=\"twitter:data1\" content=\"2 minutos\" \/>\r\n<script type=\"application\/ld+json\" class=\"yoast-schema-graph\">{\"@context\":\"https:\/\/schema.org\",\"@graph\":[{\"@type\":\"WebPage\",\"@id\":\"https:\/\/portaleducacao.guarulhos.sp.gov.br\/wp_site\/abrilliterario\/ceus\/\",\"url\":\"https:\/\/portaleducacao.guarulhos.sp.gov.br\/wp_site\/abrilliterario\/ceus\/\",\"name\":\"CEUs - Abril Liter\u00e1rio\",\"isPartOf\":{\"@id\":\"https:\/\/portaleducacao.guarulhos.sp.gov.br\/wp_site\/abrilliterario\/#website\"},\"datePublished\":\"2023-03-10T13:30:28+00:00\",\"dateModified\":\"2023-03-31T12:40:32+00:00\",\"breadcrumb\":{\"@id\":\"https:\/\/portaleducacao.guarulhos.sp.gov.br\/wp_site\/abrilliterario\/ceus\/#breadcrumb\"},\"inLanguage\":\"pt-BR\",\"potentialAction\":[{\"@type\":\"ReadAction\",\"target\":[\"https:\/\/portaleducacao.guarulhos.sp.gov.br\/wp_site\/abrilliterario\/ceus\/\"]}]},{\"@type\":\"BreadcrumbList\",\"@id\":\"https:\/\/portaleducacao.guarulhos.sp.gov.br\/wp_site\/abrilliterario\/ceus\/#breadcrumb\",\"itemListElement\":[{\"@type\":\"ListItem\",\"position\":1,\"name\":\"In\u00edcio\",\"item\":\"https:\/\/portaleducacao.guarulhos.sp.gov.br\/wp_site\/abrilliterario\/\"},{\"@type\":\"ListItem\",\"position\":2,\"name\":\"CEUs\"}]},{\"@type\":\"WebSite\",\"@id\":\"https:\/\/portaleducacao.guarulhos.sp.gov.br\/wp_site\/abrilliterario\/#website\",\"url\":\"https:\/\/portaleducacao.guarulhos.sp.gov.br\/wp_site\/abrilliterario\/\",\"name\":\"Abril Liter\u00e1rio\",\"description\":\"Literalmente isso...\",\"potentialAction\":[{\"@type\":\"SearchAction\",\"target\":{\"@type\":\"EntryPoint\",\"urlTemplate\":\"https:\/\/portaleducacao.guarulhos.sp.gov.br\/wp_site\/abrilliterario\/?s={search_term_string}\"},\"query-input\":\"required name=search_term_string\"}],\"inLanguage\":\"pt-BR\"}]}<\/script>\r\n<!-- \/ Yoast SEO plugin. -->","yoast_head_json":{"title":"CEUs - Abril Liter\u00e1rio","robots":{"index":"index","follow":"follow","max-snippet":"max-snippet:-1","max-image-preview":"max-image-preview:large","max-video-preview":"max-video-preview:-1"},"canonical":"https:\/\/portaleducacao.guarulhos.sp.gov.br\/wp_site\/abrilliterario\/ceus\/","og_locale":"pt_BR","og_type":"article","og_title":"CEUs - Abril Liter\u00e1rio","og_description":"Data: 03\/04\/2023Unidade: CEU ContinentalRespons\u00e1vel: Ricardo Escobar SouzaAtividade\/Descri\u00e7\u00e3o: Conta\u00e7\u00e3o de Hist\u00f3riaP\u00fablico-alvo: Ensino Fundamental &#8211; 3\u00ba, 4\u00ba e 5\u00ba Ano (Per\u00edodo Tarde) Data: 19\/04\/2023Unidade: CEU ContinentalRespons\u00e1vel: Silvana da Silva OliveiraAtividade\/Descri\u00e7\u00e3o: Leitura do &hellip; CEUs Leia mais &raquo;","og_url":"https:\/\/portaleducacao.guarulhos.sp.gov.br\/wp_site\/abrilliterario\/ceus\/","og_site_name":"Abril Liter\u00e1rio","article_modified_time":"2023-03-31T12:40:32+00:00","twitter_card":"summary_large_image","twitter_misc":{"Est. tempo de leitura":"2 minutos"},"schema":{"@context":"https:\/\/schema.org","@graph":[{"@type":"WebPage","@id":"https:\/\/portaleducacao.guarulhos.sp.gov.br\/wp_site\/abrilliterario\/ceus\/","url":"https:\/\/portaleducacao.guarulhos.sp.gov.br\/wp_site\/abrilliterario\/ceus\/","name":"CEUs - Abril Liter\u00e1rio","isPartOf":{"@id":"https:\/\/portaleducacao.guarulhos.sp.gov.br\/wp_site\/abrilliterario\/#website"},"datePublished":"2023-03-10T13:30:28+00:00","dateModified":"2023-03-31T12:40:32+00:00","breadcrumb":{"@id":"https:\/\/portaleducacao.guarulhos.sp.gov.br\/wp_site\/abrilliterario\/ceus\/#breadcrumb"},"inLanguage":"pt-BR","potentialAction":[{"@type":"ReadAction","target":["https:\/\/portaleducacao.guarulhos.sp.gov.br\/wp_site\/abrilliterario\/ceus\/"]}]},{"@type":"BreadcrumbList","@id":"https:\/\/portaleducacao.guarulhos.sp.gov.br\/wp_site\/abrilliterario\/ceus\/#breadcrumb","itemListElement":[{"@type":"ListItem","position":1,"name":"In\u00edcio","item":"https:\/\/portaleducacao.guarulhos.sp.gov.br\/wp_site\/abrilliterario\/"},{"@type":"ListItem","position":2,"name":"CEUs"}]},{"@type":"WebSite","@id":"https:\/\/portaleducacao.guarulhos.sp.gov.br\/wp_site\/abrilliterario\/#website","url":"https:\/\/portaleducacao.guarulhos.sp.gov.br\/wp_site\/abrilliterario\/","name":"Abril Liter\u00e1rio","description":"Literalmente isso...","potentialAction":[{"@type":"SearchAction","target":{"@type":"EntryPoint","urlTemplate":"https:\/\/portaleducacao.guarulhos.sp.gov.br\/wp_site\/abrilliterario\/?s={search_term_string}"},"query-input":"required name=search_term_string"}],"inLanguage":"pt-BR"}]}},"_links":{"self":[{"href":"https:\/\/portaleducacao.guarulhos.sp.gov.br\/wp_site\/abrilliterario\/wp-json\/wp\/v2\/pages\/180"}],"collection":[{"href":"https:\/\/portaleducacao.guarulhos.sp.gov.br\/wp_site\/abrilliterario\/wp-json\/wp\/v2\/pages"}],"about":[{"href":"https:\/\/portaleducacao.guarulhos.sp.gov.br\/wp_site\/abrilliterario\/wp-json\/wp\/v2\/types\/page"}],"author":[{"embeddable":true,"href":"https:\/\/portaleducacao.guarulhos.sp.gov.br\/wp_site\/abrilliterario\/wp-json\/wp\/v2\/users\/8"}],"replies":[{"embeddable":true,"href":"https:\/\/portaleducacao.guarulhos.sp.gov.br\/wp_site\/abrilliterario\/wp-json\/wp\/v2\/comments?post=180"}],"version-history":[{"count":14,"href":"https:\/\/portaleducacao.guarulhos.sp.gov.br\/wp_site\/abrilliterario\/wp-json\/wp\/v2\/pages\/180\/revisions"}],"predecessor-version":[{"id":675,"href":"https:\/\/portaleducacao.guarulhos.sp.gov.br\/wp_site\/abrilliterario\/wp-json\/wp\/v2\/pages\/180\/revisions\/675"}],"wp:attachment":[{"href":"https:\/\/portaleducacao.guarulhos.sp.gov.br\/wp_site\/abrilliterario\/wp-json\/wp\/v2\/media?parent=180"}],"wp:term":[{"taxonomy":"category","embeddable":true,"href":"https:\/\/portaleducacao.guarulhos.sp.gov.br\/wp_site\/abrilliterario\/wp-json\/wp\/v2\/categories?post=180"},{"taxonomy":"post_tag","embeddable":true,"href":"https:\/\/portaleducacao.guarulhos.sp.gov.br\/wp_site\/abrilliterario\/wp-json\/wp\/v2\/tags?post=180"}],"curies":[{"name":"wp","href":"https:\/\/api.w.org\/{rel}","templated":true}]}}

<p><strong>Data: </strong>03/04/2023<br /><strong>Unidade:</strong> CEU Continental<br /><strong>Responsável:</strong> Ricardo Escobar Souza<br /><strong>Atividade/Descrição:</strong> Contação de História<br /><strong>Público-alvo:</strong> Ensino Fundamental &#8211; 3º, 4º e 5º Ano (Período Tarde)</p>


<hr class="wp-block-separator has-alpha-channel-opacity is-style-wide" />


<p><strong>Data:</strong> 19/04/2023<br /><strong>Unidade:</strong> CEU Continental<br /><strong>Responsável:</strong> Silvana da Silva Oliveira<br /><strong>Atividade/Descrição:</strong> Leitura do livro “Tudo bem ser diferente” do autor Todds Parr, roda de conversa a respeito das diversidades, jogos e brincadeiras abordando a inclusão.<br /><strong>Público-alvo:</strong> Ensino Fundamental 1º e 2º Ano (Período Manhã)</p>


<hr class="wp-block-separator has-alpha-channel-opacity is-style-wide" />


<p><strong>Data:</strong> 23/04/2023<br /><strong>Unidade:</strong> CEU Jardim Cumbica<br /><strong>Responsável:</strong> Shirley<br /><strong>Atividade/Descrição:</strong> Transvê- Intervenção Poética As Intervenções Poéticas começam na preparação do jornal que é colado no exterior da garrafa e logo após recebe um poema impresso sobrepondo este e a garrafa (prática oferecida na oficina). Após essa preparação, as garrafas poéticas seguem para a intervenção, ornamentando o lugar escolhido como praças, postes e árvores, levando a finalização do processo de concretização ao público. As garrafas ficam disponíveis gratuitamente para serem levadas pelas pessoas, motivando a leitura.<br /><strong>Público-alvo:</strong> Para membros da comunidade em geral (Período Tarde)</p>


<hr class="wp-block-separator has-alpha-channel-opacity is-style-wide" />


<p><strong>Data:</strong> 26/04/2023<br /><strong>Unidade:</strong> CEU Jardim Cumbica<br /><strong>Responsável: </strong>Mary Hellen<br /><strong>Atividade/Descrição: </strong>Teatro adaptado &#8220;O Mágico de Oz&#8221; e exposição<br /><strong>Público-alvo:</strong> Ensino Fundamental 1º, 2º, 3º, 4º e 5º Ano</p>


<hr class="wp-block-separator has-alpha-channel-opacity is-style-wide" />


<p><strong>Data: </strong>29/04/2023<br /><strong>Unidade:</strong> CEU Jardim Cumbica<br /><strong>Responsável:</strong> Teresa Lopes (Poetisa)<br /><strong>Atividade/Descrição:</strong> Sarau Literário da Diversidade Cultural. O encontro festivo contará com apresentações musicais como serestas, repentes, cantos e apresentações solo, demonstrações, interpretações ou performances artísticas e literárias.<br /><strong>Público-alvo:</strong> Aberto ao público em geral. Classificação livre (Período Tarde)</p>

<p>Data: 03/04/2023Unidade: CEU ContinentalResponsável: Ricardo Escobar SouzaAtividade/Descrição: Contação de HistóriaPúblico-alvo: Ensino Fundamental &#8211; 3º, 4º e 5º Ano (Período Tarde) Data: 19/04/2023Unidade: CEU ContinentalResponsável: Silvana da Silva OliveiraAtividade/Descrição: Leitura do &hellip;</p>
<p class="read-more"> <a class="" href="https://portaleducacao.guarulhos.sp.gov.br/wp_site/abrilliterario/ceus/"> <span class="screen-reader-text">CEUs</span> Leia mais &raquo;</a></p>

<!-- This site is optimized with the Yoast SEO plugin v19.7.1 - https://yoast.com/wordpress/plugins/seo/ -->
<title>CEUs - Abril Literário</title>
<meta name="robots" content="index, follow, max-snippet:-1, max-image-preview:large, max-video-preview:-1" />
<link rel="canonical" href="https://portaleducacao.guarulhos.sp.gov.br/wp_site/abrilliterario/ceus/" />
<meta property="og:locale" content="pt_BR" />
<meta property="og:type" content="article" />
<meta property="og:title" content="CEUs - Abril Literário" />
<meta property="og:description" content="Data: 03/04/2023Unidade: CEU ContinentalResponsável: Ricardo Escobar SouzaAtividade/Descrição: Contação de HistóriaPúblico-alvo: Ensino Fundamental &#8211; 3º, 4º e 5º Ano (Período Tarde) Data: 19/04/2023Unidade: CEU ContinentalResponsável: Silvana da Silva OliveiraAtividade/Descrição: Leitura do &hellip; CEUs Leia mais &raquo;" />
<meta property="og:url" content="https://portaleducacao.guarulhos.sp.gov.br/wp_site/abrilliterario/ceus/" />
<meta property="og:site_name" content="Abril Literário" />
<meta property="article:modified_time" content="2023-03-31T12:40:32+00:00" />
<meta name="twitter:card" content="summary_large_image" />
<meta name="twitter:label1" content="Est. tempo de leitura" />
	<meta name="twitter:data1" content="2 minutos" />
<script type="application/ld+json" class="yoast-schema-graph">{"@context":"https://schema.org","@graph":[{"@type":"WebPage","@id":"https://portaleducacao.guarulhos.sp.gov.br/wp_site/abrilliterario/ceus/","url":"https://portaleducacao.guarulhos.sp.gov.br/wp_site/abrilliterario/ceus/","name":"CEUs - Abril Literário","isPartOf":{"@id":"https://portaleducacao.guarulhos.sp.gov.br/wp_site/abrilliterario/#website"},"datePublished":"2023-03-10T13:30:28+00:00","dateModified":"2023-03-31T12:40:32+00:00","breadcrumb":{"@id":"https://portaleducacao.guarulhos.sp.gov.br/wp_site/abrilliterario/ceus/#breadcrumb"},"inLanguage":"pt-BR","potentialAction":[{"@type":"ReadAction","target":["https://portaleducacao.guarulhos.sp.gov.br/wp_site/abrilliterario/ceus/"]}]},{"@type":"BreadcrumbList","@id":"https://portaleducacao.guarulhos.sp.gov.br/wp_site/abrilliterario/ceus/#breadcrumb","itemListElement":[{"@type":"ListItem","position":1,"name":"Início","item":"https://portaleducacao.guarulhos.sp.gov.br/wp_site/abrilliterario/"},{"@type":"ListItem","position":2,"name":"CEUs"}]},{"@type":"WebSite","@id":"https://portaleducacao.guarulhos.sp.gov.br/wp_site/abrilliterario/#website","url":"https://portaleducacao.guarulhos.sp.gov.br/wp_site/abrilliterario/","name":"Abril Literário","description":"Literalmente isso...","potentialAction":[{"@type":"SearchAction","target":{"@type":"EntryPoint","urlTemplate":"https://portaleducacao.guarulhos.sp.gov.br/wp_site/abrilliterario/?s={search_term_string}"},"query-input":"required name=search_term_string"}],"inLanguage":"pt-BR"}]}</script>
<!-- / Yoast SEO plugin. -->

CEUs - Abril Literário

Data: 03/04/2023Unidade: CEU ContinentalResponsável: Ricardo Escobar SouzaAtividade/Descrição: Contação de HistóriaPúblico-alvo: Ensino Fundamental &#8211; 3º, 4º e 5º Ano (Período Tarde) Data: 19/04/2023Unidade: CEU ContinentalResponsável: Silvana da Silva OliveiraAtividade/Descrição: Leitura do &hellip; CEUs Leia mais &raquo;

Abril Literário

Início
