{"id":181,"date":"2023-03-10T10:30:28","date_gmt":"2023-03-10T13:30:28","guid":{"rendered":"https:\/\/portaleducacao.guarulhos.sp.gov.br\/wp_site\/abrilliterario2023\/?page_id=181"},"modified":"2023-03-31T09:36:45","modified_gmt":"2023-03-31T12:36:45","slug":"centros-municipais-de-educacao","status":"publish","type":"page","link":"https:\/\/portaleducacao.guarulhos.sp.gov.br\/wp_site\/abrilliterario\/centros-municipais-de-educacao\/","title":{"rendered":"Centros Municipais de Educa\u00e7\u00e3o"},"content":{"rendered":"<p><strong>Data: <\/strong>03\/04\/2023<br \/><strong>Unidade:<\/strong> CEMEA \u2013 Centro Municipal de Educa\u00e7\u00e3o Ambiental<br \/><strong>Respons\u00e1vel:<\/strong> Adriana<br \/><strong>Atividade\/Descri\u00e7\u00e3o:<\/strong> Conta\u00e7\u00e3o de Hist\u00f3ria<br \/><strong>P\u00fablico-alvo:<\/strong> Comunidade em geral (Per\u00edodo Tarde)<\/p>\n\n\n<hr class=\"wp-block-separator has-alpha-channel-opacity is-style-wide\" \/>\n\n\n<p><strong>Data:<\/strong> 15\/04\/2023<br \/><strong>Unidade: <\/strong>CEMEA \u2013 Centro Municipal de Educa\u00e7\u00e3o Ambiental<br \/><strong>Respons\u00e1vel:<\/strong> Teresa Lopes<br \/><strong>Atividade\/Descri\u00e7\u00e3o:<\/strong> Apresenta\u00e7\u00e3o de m\u00fasicas e conta\u00e7\u00e3o de hist\u00f3rias infantis com Darc maia e Teresa. Declama\u00e7\u00e3o de versos e m\u00fasicas voltadas \u00e0 quest\u00e3o ambiental com o Grupo ITA.<br \/><strong>P\u00fablico-alvo:<\/strong> Comunidade em geral (Per\u00edodo Tarde)<\/p>\n\n\n<hr class=\"wp-block-separator has-alpha-channel-opacity is-style-wide\" \/>\n\n\n<p><strong>Data:<\/strong> 29\/04\/2023<br \/><strong>Unidade:<\/strong> CEMEA \u2013 Centro Municipal de Educa\u00e7\u00e3o Ambiental<br \/><strong>Respons\u00e1vel:<\/strong> Pedro, Diego, Ricardo<br \/><strong>Atividade\/Descri\u00e7\u00e3o:<\/strong> Batalha De Rimas E Slam: Duelo de rimas entre os participantes; Declama\u00e7\u00f5es de Poesias Individuais sobre a tem\u00e1tica no Meio Ambiente.<br \/><strong>P\u00fablico-alvo:<\/strong> Comunidade no geral (Per\u00edodo Tarde)<\/p>","protected":false},"excerpt":{"rendered":"<p>Data: 03\/04\/2023Unidade: CEMEA \u2013 Centro Municipal de Educa\u00e7\u00e3o AmbientalRespons\u00e1vel: AdrianaAtividade\/Descri\u00e7\u00e3o: Conta\u00e7\u00e3o de Hist\u00f3riaP\u00fablico-alvo: Comunidade em geral (Per\u00edodo Tarde) Data: 15\/04\/2023Unidade: CEMEA \u2013 Centro Municipal de Educa\u00e7\u00e3o AmbientalRespons\u00e1vel: Teresa LopesAtividade\/Descri\u00e7\u00e3o: Apresenta\u00e7\u00e3o &hellip;<\/p>\n<p class=\"read-more\"> <a class=\"\" href=\"https:\/\/portaleducacao.guarulhos.sp.gov.br\/wp_site\/abrilliterario\/centros-municipais-de-educacao\/\"> <span class=\"screen-reader-text\">Centros Municipais de Educa\u00e7\u00e3o<\/span> Leia mais &raquo;<\/a><\/p>\n","protected":false},"author":8,"featured_media":0,"parent":0,"menu_order":0,"comment_status":"closed","ping_status":"closed","template":"","meta":{"_monsterinsights_skip_tracking":false,"_monsterinsights_sitenote_active":false,"_monsterinsights_sitenote_note":"","_monsterinsights_sitenote_category":0,"site-sidebar-layout":"default","site-content-layout":"default","ast-global-header-display":"","ast-main-header-display":"","ast-hfb-above-header-display":"","ast-hfb-below-header-display":"","ast-hfb-mobile-header-display":"","site-post-title":"","ast-breadcrumbs-content":"","ast-featured-img":"","footer-sml-layout":"","theme-transparent-header-meta":"","adv-header-id-meta":"","stick-header-meta":"","header-above-stick-meta":"","header-main-stick-meta":"","header-below-stick-meta":"","_expiration-date-status":"","_expiration-date":0,"_expiration-date-type":"","_expiration-date-categories":[],"_expiration-date-options":[]},"categories":[],"tags":[],"yoast_head":"<!-- This site is optimized with the Yoast SEO plugin v19.7.1 - https:\/\/yoast.com\/wordpress\/plugins\/seo\/ -->\r\n<title>Centros Municipais de Educa\u00e7\u00e3o - Abril Liter\u00e1rio<\/title>\r\n<meta name=\"robots\" content=\"index, follow, max-snippet:-1, max-image-preview:large, max-video-preview:-1\" \/>\r\n<link rel=\"canonical\" href=\"https:\/\/portaleducacao.guarulhos.sp.gov.br\/wp_site\/abrilliterario\/centros-municipais-de-educacao\/\" \/>\r\n<meta property=\"og:locale\" content=\"pt_BR\" \/>\r\n<meta property=\"og:type\" content=\"article\" \/>\r\n<meta property=\"og:title\" content=\"Centros Municipais de Educa\u00e7\u00e3o - Abril Liter\u00e1rio\" \/>\r\n<meta property=\"og:description\" content=\"Data: 03\/04\/2023Unidade: CEMEA \u2013 Centro Municipal de Educa\u00e7\u00e3o AmbientalRespons\u00e1vel: AdrianaAtividade\/Descri\u00e7\u00e3o: Conta\u00e7\u00e3o de Hist\u00f3riaP\u00fablico-alvo: Comunidade em geral (Per\u00edodo Tarde) Data: 15\/04\/2023Unidade: CEMEA \u2013 Centro Municipal de Educa\u00e7\u00e3o AmbientalRespons\u00e1vel: Teresa LopesAtividade\/Descri\u00e7\u00e3o: Apresenta\u00e7\u00e3o &hellip; Centros Municipais de Educa\u00e7\u00e3o Leia mais &raquo;\" \/>\r\n<meta property=\"og:url\" content=\"https:\/\/portaleducacao.guarulhos.sp.gov.br\/wp_site\/abrilliterario\/centros-municipais-de-educacao\/\" \/>\r\n<meta property=\"og:site_name\" content=\"Abril Liter\u00e1rio\" \/>\r\n<meta property=\"article:modified_time\" content=\"2023-03-31T12:36:45+00:00\" \/>\r\n<meta name=\"twitter:card\" content=\"summary_large_image\" \/>\r\n<meta name=\"twitter:label1\" content=\"Est. tempo de leitura\" \/>\n\t<meta name=\"twitter:data1\" content=\"1 minuto\" \/>\r\n<script type=\"application\/ld+json\" class=\"yoast-schema-graph\">{\"@context\":\"https:\/\/schema.org\",\"@graph\":[{\"@type\":\"WebPage\",\"@id\":\"https:\/\/portaleducacao.guarulhos.sp.gov.br\/wp_site\/abrilliterario\/centros-municipais-de-educacao\/\",\"url\":\"https:\/\/portaleducacao.guarulhos.sp.gov.br\/wp_site\/abrilliterario\/centros-municipais-de-educacao\/\",\"name\":\"Centros Municipais de Educa\u00e7\u00e3o - Abril Liter\u00e1rio\",\"isPartOf\":{\"@id\":\"https:\/\/portaleducacao.guarulhos.sp.gov.br\/wp_site\/abrilliterario\/#website\"},\"datePublished\":\"2023-03-10T13:30:28+00:00\",\"dateModified\":\"2023-03-31T12:36:45+00:00\",\"breadcrumb\":{\"@id\":\"https:\/\/portaleducacao.guarulhos.sp.gov.br\/wp_site\/abrilliterario\/centros-municipais-de-educacao\/#breadcrumb\"},\"inLanguage\":\"pt-BR\",\"potentialAction\":[{\"@type\":\"ReadAction\",\"target\":[\"https:\/\/portaleducacao.guarulhos.sp.gov.br\/wp_site\/abrilliterario\/centros-municipais-de-educacao\/\"]}]},{\"@type\":\"BreadcrumbList\",\"@id\":\"https:\/\/portaleducacao.guarulhos.sp.gov.br\/wp_site\/abrilliterario\/centros-municipais-de-educacao\/#breadcrumb\",\"itemListElement\":[{\"@type\":\"ListItem\",\"position\":1,\"name\":\"In\u00edcio\",\"item\":\"https:\/\/portaleducacao.guarulhos.sp.gov.br\/wp_site\/abrilliterario\/\"},{\"@type\":\"ListItem\",\"position\":2,\"name\":\"Centros Municipais de Educa\u00e7\u00e3o\"}]},{\"@type\":\"WebSite\",\"@id\":\"https:\/\/portaleducacao.guarulhos.sp.gov.br\/wp_site\/abrilliterario\/#website\",\"url\":\"https:\/\/portaleducacao.guarulhos.sp.gov.br\/wp_site\/abrilliterario\/\",\"name\":\"Abril Liter\u00e1rio\",\"description\":\"Literalmente isso...\",\"potentialAction\":[{\"@type\":\"SearchAction\",\"target\":{\"@type\":\"EntryPoint\",\"urlTemplate\":\"https:\/\/portaleducacao.guarulhos.sp.gov.br\/wp_site\/abrilliterario\/?s={search_term_string}\"},\"query-input\":\"required name=search_term_string\"}],\"inLanguage\":\"pt-BR\"}]}<\/script>\r\n<!-- \/ Yoast SEO plugin. -->","yoast_head_json":{"title":"Centros Municipais de Educa\u00e7\u00e3o - Abril Liter\u00e1rio","robots":{"index":"index","follow":"follow","max-snippet":"max-snippet:-1","max-image-preview":"max-image-preview:large","max-video-preview":"max-video-preview:-1"},"canonical":"https:\/\/portaleducacao.guarulhos.sp.gov.br\/wp_site\/abrilliterario\/centros-municipais-de-educacao\/","og_locale":"pt_BR","og_type":"article","og_title":"Centros Municipais de Educa\u00e7\u00e3o - Abril Liter\u00e1rio","og_description":"Data: 03\/04\/2023Unidade: CEMEA \u2013 Centro Municipal de Educa\u00e7\u00e3o AmbientalRespons\u00e1vel: AdrianaAtividade\/Descri\u00e7\u00e3o: Conta\u00e7\u00e3o de Hist\u00f3riaP\u00fablico-alvo: Comunidade em geral (Per\u00edodo Tarde) Data: 15\/04\/2023Unidade: CEMEA \u2013 Centro Municipal de Educa\u00e7\u00e3o AmbientalRespons\u00e1vel: Teresa LopesAtividade\/Descri\u00e7\u00e3o: Apresenta\u00e7\u00e3o &hellip; Centros Municipais de Educa\u00e7\u00e3o Leia mais &raquo;","og_url":"https:\/\/portaleducacao.guarulhos.sp.gov.br\/wp_site\/abrilliterario\/centros-municipais-de-educacao\/","og_site_name":"Abril Liter\u00e1rio","article_modified_time":"2023-03-31T12:36:45+00:00","twitter_card":"summary_large_image","twitter_misc":{"Est. tempo de leitura":"1 minuto"},"schema":{"@context":"https:\/\/schema.org","@graph":[{"@type":"WebPage","@id":"https:\/\/portaleducacao.guarulhos.sp.gov.br\/wp_site\/abrilliterario\/centros-municipais-de-educacao\/","url":"https:\/\/portaleducacao.guarulhos.sp.gov.br\/wp_site\/abrilliterario\/centros-municipais-de-educacao\/","name":"Centros Municipais de Educa\u00e7\u00e3o - Abril Liter\u00e1rio","isPartOf":{"@id":"https:\/\/portaleducacao.guarulhos.sp.gov.br\/wp_site\/abrilliterario\/#website"},"datePublished":"2023-03-10T13:30:28+00:00","dateModified":"2023-03-31T12:36:45+00:00","breadcrumb":{"@id":"https:\/\/portaleducacao.guarulhos.sp.gov.br\/wp_site\/abrilliterario\/centros-municipais-de-educacao\/#breadcrumb"},"inLanguage":"pt-BR","potentialAction":[{"@type":"ReadAction","target":["https:\/\/portaleducacao.guarulhos.sp.gov.br\/wp_site\/abrilliterario\/centros-municipais-de-educacao\/"]}]},{"@type":"BreadcrumbList","@id":"https:\/\/portaleducacao.guarulhos.sp.gov.br\/wp_site\/abrilliterario\/centros-municipais-de-educacao\/#breadcrumb","itemListElement":[{"@type":"ListItem","position":1,"name":"In\u00edcio","item":"https:\/\/portaleducacao.guarulhos.sp.gov.br\/wp_site\/abrilliterario\/"},{"@type":"ListItem","position":2,"name":"Centros Municipais de Educa\u00e7\u00e3o"}]},{"@type":"WebSite","@id":"https:\/\/portaleducacao.guarulhos.sp.gov.br\/wp_site\/abrilliterario\/#website","url":"https:\/\/portaleducacao.guarulhos.sp.gov.br\/wp_site\/abrilliterario\/","name":"Abril Liter\u00e1rio","description":"Literalmente isso...","potentialAction":[{"@type":"SearchAction","target":{"@type":"EntryPoint","urlTemplate":"https:\/\/portaleducacao.guarulhos.sp.gov.br\/wp_site\/abrilliterario\/?s={search_term_string}"},"query-input":"required name=search_term_string"}],"inLanguage":"pt-BR"}]}},"_links":{"self":[{"href":"https:\/\/portaleducacao.guarulhos.sp.gov.br\/wp_site\/abrilliterario\/wp-json\/wp\/v2\/pages\/181"}],"collection":[{"href":"https:\/\/portaleducacao.guarulhos.sp.gov.br\/wp_site\/abrilliterario\/wp-json\/wp\/v2\/pages"}],"about":[{"href":"https:\/\/portaleducacao.guarulhos.sp.gov.br\/wp_site\/abrilliterario\/wp-json\/wp\/v2\/types\/page"}],"author":[{"embeddable":true,"href":"https:\/\/portaleducacao.guarulhos.sp.gov.br\/wp_site\/abrilliterario\/wp-json\/wp\/v2\/users\/8"}],"replies":[{"embeddable":true,"href":"https:\/\/portaleducacao.guarulhos.sp.gov.br\/wp_site\/abrilliterario\/wp-json\/wp\/v2\/comments?post=181"}],"version-history":[{"count":26,"href":"https:\/\/portaleducacao.guarulhos.sp.gov.br\/wp_site\/abrilliterario\/wp-json\/wp\/v2\/pages\/181\/revisions"}],"predecessor-version":[{"id":671,"href":"https:\/\/portaleducacao.guarulhos.sp.gov.br\/wp_site\/abrilliterario\/wp-json\/wp\/v2\/pages\/181\/revisions\/671"}],"wp:attachment":[{"href":"https:\/\/portaleducacao.guarulhos.sp.gov.br\/wp_site\/abrilliterario\/wp-json\/wp\/v2\/media?parent=181"}],"wp:term":[{"taxonomy":"category","embeddable":true,"href":"https:\/\/portaleducacao.guarulhos.sp.gov.br\/wp_site\/abrilliterario\/wp-json\/wp\/v2\/categories?post=181"},{"taxonomy":"post_tag","embeddable":true,"href":"https:\/\/portaleducacao.guarulhos.sp.gov.br\/wp_site\/abrilliterario\/wp-json\/wp\/v2\/tags?post=181"}],"curies":[{"name":"wp","href":"https:\/\/api.w.org\/{rel}","templated":true}]}}

Centros Municipais de Educação

<p><strong>Data: </strong>03/04/2023<br /><strong>Unidade:</strong> CEMEA – Centro Municipal de Educação Ambiental<br /><strong>Responsável:</strong> Adriana<br /><strong>Atividade/Descrição:</strong> Contação de História<br /><strong>Público-alvo:</strong> Comunidade em geral (Período Tarde)</p>


<hr class="wp-block-separator has-alpha-channel-opacity is-style-wide" />


<p><strong>Data:</strong> 15/04/2023<br /><strong>Unidade: </strong>CEMEA – Centro Municipal de Educação Ambiental<br /><strong>Responsável:</strong> Teresa Lopes<br /><strong>Atividade/Descrição:</strong> Apresentação de músicas e contação de histórias infantis com Darc maia e Teresa. Declamação de versos e músicas voltadas à questão ambiental com o Grupo ITA.<br /><strong>Público-alvo:</strong> Comunidade em geral (Período Tarde)</p>


<hr class="wp-block-separator has-alpha-channel-opacity is-style-wide" />


<p><strong>Data:</strong> 29/04/2023<br /><strong>Unidade:</strong> CEMEA – Centro Municipal de Educação Ambiental<br /><strong>Responsável:</strong> Pedro, Diego, Ricardo<br /><strong>Atividade/Descrição:</strong> Batalha De Rimas E Slam: Duelo de rimas entre os participantes; Declamações de Poesias Individuais sobre a temática no Meio Ambiente.<br /><strong>Público-alvo:</strong> Comunidade no geral (Período Tarde)</p>

<p>Data: 03/04/2023Unidade: CEMEA – Centro Municipal de Educação AmbientalResponsável: AdrianaAtividade/Descrição: Contação de HistóriaPúblico-alvo: Comunidade em geral (Período Tarde) Data: 15/04/2023Unidade: CEMEA – Centro Municipal de Educação AmbientalResponsável: Teresa LopesAtividade/Descrição: Apresentação &hellip;</p>
<p class="read-more"> <a class="" href="https://portaleducacao.guarulhos.sp.gov.br/wp_site/abrilliterario/centros-municipais-de-educacao/"> <span class="screen-reader-text">Centros Municipais de Educação</span> Leia mais &raquo;</a></p>

<!-- This site is optimized with the Yoast SEO plugin v19.7.1 - https://yoast.com/wordpress/plugins/seo/ -->
<title>Centros Municipais de Educação - Abril Literário</title>
<meta name="robots" content="index, follow, max-snippet:-1, max-image-preview:large, max-video-preview:-1" />
<link rel="canonical" href="https://portaleducacao.guarulhos.sp.gov.br/wp_site/abrilliterario/centros-municipais-de-educacao/" />
<meta property="og:locale" content="pt_BR" />
<meta property="og:type" content="article" />
<meta property="og:title" content="Centros Municipais de Educação - Abril Literário" />
<meta property="og:description" content="Data: 03/04/2023Unidade: CEMEA – Centro Municipal de Educação AmbientalResponsável: AdrianaAtividade/Descrição: Contação de HistóriaPúblico-alvo: Comunidade em geral (Período Tarde) Data: 15/04/2023Unidade: CEMEA – Centro Municipal de Educação AmbientalResponsável: Teresa LopesAtividade/Descrição: Apresentação &hellip; Centros Municipais de Educação Leia mais &raquo;" />
<meta property="og:url" content="https://portaleducacao.guarulhos.sp.gov.br/wp_site/abrilliterario/centros-municipais-de-educacao/" />
<meta property="og:site_name" content="Abril Literário" />
<meta property="article:modified_time" content="2023-03-31T12:36:45+00:00" />
<meta name="twitter:card" content="summary_large_image" />
<meta name="twitter:label1" content="Est. tempo de leitura" />
	<meta name="twitter:data1" content="1 minuto" />
<script type="application/ld+json" class="yoast-schema-graph">{"@context":"https://schema.org","@graph":[{"@type":"WebPage","@id":"https://portaleducacao.guarulhos.sp.gov.br/wp_site/abrilliterario/centros-municipais-de-educacao/","url":"https://portaleducacao.guarulhos.sp.gov.br/wp_site/abrilliterario/centros-municipais-de-educacao/","name":"Centros Municipais de Educação - Abril Literário","isPartOf":{"@id":"https://portaleducacao.guarulhos.sp.gov.br/wp_site/abrilliterario/#website"},"datePublished":"2023-03-10T13:30:28+00:00","dateModified":"2023-03-31T12:36:45+00:00","breadcrumb":{"@id":"https://portaleducacao.guarulhos.sp.gov.br/wp_site/abrilliterario/centros-municipais-de-educacao/#breadcrumb"},"inLanguage":"pt-BR","potentialAction":[{"@type":"ReadAction","target":["https://portaleducacao.guarulhos.sp.gov.br/wp_site/abrilliterario/centros-municipais-de-educacao/"]}]},{"@type":"BreadcrumbList","@id":"https://portaleducacao.guarulhos.sp.gov.br/wp_site/abrilliterario/centros-municipais-de-educacao/#breadcrumb","itemListElement":[{"@type":"ListItem","position":1,"name":"Início","item":"https://portaleducacao.guarulhos.sp.gov.br/wp_site/abrilliterario/"},{"@type":"ListItem","position":2,"name":"Centros Municipais de Educação"}]},{"@type":"WebSite","@id":"https://portaleducacao.guarulhos.sp.gov.br/wp_site/abrilliterario/#website","url":"https://portaleducacao.guarulhos.sp.gov.br/wp_site/abrilliterario/","name":"Abril Literário","description":"Literalmente isso...","potentialAction":[{"@type":"SearchAction","target":{"@type":"EntryPoint","urlTemplate":"https://portaleducacao.guarulhos.sp.gov.br/wp_site/abrilliterario/?s={search_term_string}"},"query-input":"required name=search_term_string"}],"inLanguage":"pt-BR"}]}</script>
<!-- / Yoast SEO plugin. -->

Centros Municipais de Educação - Abril Literário

Data: 03/04/2023Unidade: CEMEA – Centro Municipal de Educação AmbientalResponsável: AdrianaAtividade/Descrição: Contação de HistóriaPúblico-alvo: Comunidade em geral (Período Tarde) Data: 15/04/2023Unidade: CEMEA – Centro Municipal de Educação AmbientalResponsável: Teresa LopesAtividade/Descrição: Apresentação &hellip; Centros Municipais de Educação Leia mais &raquo;

Abril Literário

Início
