{"id":182,"date":"2023-03-10T10:30:28","date_gmt":"2023-03-10T13:30:28","guid":{"rendered":"https:\/\/portaleducacao.guarulhos.sp.gov.br\/wp_site\/abrilliterario2023\/?page_id=182"},"modified":"2023-04-11T15:40:15","modified_gmt":"2023-04-11T18:40:15","slug":"contacao-de-historias","status":"publish","type":"page","link":"https:\/\/portaleducacao.guarulhos.sp.gov.br\/wp_site\/abrilliterario\/contacao-de-historias\/","title":{"rendered":"CONTA\u00c7\u00c3O DE HIST\u00d3RIAS"},"content":{"rendered":"\n<p class=\"has-medium-font-size\"><strong>&#8220;Bibi vai para a escola&#8221;<\/strong> &#8211; Fl\u00e1via Bibliotec\u00e1ria<\/p>\n\n\n\n<figure class=\"wp-block-embed aligncenter is-type-video is-provider-youtube wp-block-embed-youtube wp-embed-aspect-16-9 wp-has-aspect-ratio\"><div class=\"wp-block-embed__wrapper\">\n<div class=\"ast-oembed-container\" style=\"height: 100%;\"><iframe loading=\"lazy\" title=\"Bibi vai para a escola - Abril Liter\u00e1rio 2023\" width=\"500\" height=\"281\" src=\"https:\/\/www.youtube.com\/embed\/th-fuqaxym0?feature=oembed\" frameborder=\"0\" allow=\"accelerometer; autoplay; clipboard-write; encrypted-media; gyroscope; picture-in-picture; web-share\" referrerpolicy=\"strict-origin-when-cross-origin\" allowfullscreen><\/iframe><\/div>\n<\/div><\/figure>\n\n\n\n<hr class=\"wp-block-separator has-alpha-channel-opacity is-style-wide\" \/>\n\n\n\n<p class=\"has-medium-font-size\"><strong>&#8220;As tr\u00eas perguntas&#8221; &#8211;<\/strong> L\u00facia Bibliotec\u00e1ria<\/p>\n\n\n\n<hr class=\"wp-block-separator has-alpha-channel-opacity is-style-wide\" \/>\n\n\n\n<figure class=\"wp-block-embed aligncenter is-type-video is-provider-youtube wp-block-embed-youtube wp-embed-aspect-16-9 wp-has-aspect-ratio\"><div class=\"wp-block-embed__wrapper\">\n<div class=\"ast-oembed-container\" style=\"height: 100%;\"><iframe loading=\"lazy\" title=\"As tr\u00eas perguntas - Abril Liter\u00e1rio 2023\" width=\"500\" height=\"281\" src=\"https:\/\/www.youtube.com\/embed\/Dh3cy5DRPfY?feature=oembed\" frameborder=\"0\" allow=\"accelerometer; autoplay; clipboard-write; encrypted-media; gyroscope; picture-in-picture; web-share\" referrerpolicy=\"strict-origin-when-cross-origin\" allowfullscreen><\/iframe><\/div>\n<\/div><\/figure>\n\n\n\n<hr class=\"wp-block-separator has-alpha-channel-opacity is-style-wide\" \/>\n\n\n\n<p class=\"has-medium-font-size\"><strong>&#8220;O pessegueiro&#8221;<\/strong> &#8211; L\u00facia Biblioteca<\/p>\n\n\n\n<hr class=\"wp-block-separator has-alpha-channel-opacity is-style-wide\" \/>\n\n\n\n<figure class=\"wp-block-embed aligncenter is-type-video is-provider-youtube wp-block-embed-youtube wp-embed-aspect-16-9 wp-has-aspect-ratio\"><div class=\"wp-block-embed__wrapper\">\n<div class=\"ast-oembed-container\" style=\"height: 100%;\"><iframe loading=\"lazy\" title=\"O pessegueiro - Abril Liter\u00e1rio 2023\" width=\"500\" height=\"281\" src=\"https:\/\/www.youtube.com\/embed\/VhYSvzGb23s?feature=oembed\" frameborder=\"0\" allow=\"accelerometer; autoplay; clipboard-write; encrypted-media; gyroscope; picture-in-picture; web-share\" referrerpolicy=\"strict-origin-when-cross-origin\" allowfullscreen><\/iframe><\/div>\n<\/div><\/figure>\n\n\n\n<p><\/p>\n\n\n\n<hr class=\"wp-block-separator has-alpha-channel-opacity is-style-wide\" \/>\n\n\n\n<p class=\"has-medium-font-size\"><strong>&#8220;A aranha persistente&#8221; <\/strong>&#8211; Alice Rocha &#8211; Escritora e Professora da Rede Municipal de Guarulhos<\/p>\n\n\n\n<figure class=\"wp-block-embed is-type-video is-provider-youtube wp-block-embed-youtube wp-embed-aspect-16-9 wp-has-aspect-ratio\"><div class=\"wp-block-embed__wrapper\">\n<div class=\"ast-oembed-container\" style=\"height: 100%;\"><iframe loading=\"lazy\" title=\"A aranha persistente - Abril Liter\u00e1rio 2023\" width=\"500\" height=\"281\" src=\"https:\/\/www.youtube.com\/embed\/MvaOoy2zXL8?feature=oembed\" frameborder=\"0\" allow=\"accelerometer; autoplay; clipboard-write; encrypted-media; gyroscope; picture-in-picture; web-share\" referrerpolicy=\"strict-origin-when-cross-origin\" allowfullscreen><\/iframe><\/div>\n<\/div><\/figure>\n","protected":false},"excerpt":{"rendered":"<p>&#8220;Bibi vai para a escola&#8221; &#8211; Fl\u00e1via Bibliotec\u00e1ria &#8220;As tr\u00eas perguntas&#8221; &#8211; L\u00facia Bibliotec\u00e1ria &#8220;O pessegueiro&#8221; &#8211; L\u00facia Biblioteca &#8220;A aranha persistente&#8221; &#8211; Alice Rocha &#8211; Escritora e Professora da &hellip;<\/p>\n<p class=\"read-more\"> <a class=\"\" href=\"https:\/\/portaleducacao.guarulhos.sp.gov.br\/wp_site\/abrilliterario\/contacao-de-historias\/\"> <span class=\"screen-reader-text\">CONTA\u00c7\u00c3O DE HIST\u00d3RIAS<\/span> Leia mais &raquo;<\/a><\/p>\n","protected":false},"author":8,"featured_media":0,"parent":0,"menu_order":0,"comment_status":"closed","ping_status":"closed","template":"","meta":{"_monsterinsights_skip_tracking":false,"_monsterinsights_sitenote_active":false,"_monsterinsights_sitenote_note":"","_monsterinsights_sitenote_category":0,"site-sidebar-layout":"default","site-content-layout":"default","ast-global-header-display":"","ast-main-header-display":"","ast-hfb-above-header-display":"","ast-hfb-below-header-display":"","ast-hfb-mobile-header-display":"","site-post-title":"","ast-breadcrumbs-content":"","ast-featured-img":"","footer-sml-layout":"","theme-transparent-header-meta":"","adv-header-id-meta":"","stick-header-meta":"","header-above-stick-meta":"","header-main-stick-meta":"","header-below-stick-meta":"","_expiration-date-status":"","_expiration-date":0,"_expiration-date-type":"","_expiration-date-categories":[],"_expiration-date-options":[]},"categories":[],"tags":[],"yoast_head":"<!-- This site is optimized with the Yoast SEO plugin v19.7.1 - https:\/\/yoast.com\/wordpress\/plugins\/seo\/ -->\r\n<title>CONTA\u00c7\u00c3O DE HIST\u00d3RIAS - Abril Liter\u00e1rio<\/title>\r\n<meta name=\"robots\" content=\"index, follow, max-snippet:-1, max-image-preview:large, max-video-preview:-1\" \/>\r\n<link rel=\"canonical\" href=\"https:\/\/portaleducacao.guarulhos.sp.gov.br\/wp_site\/abrilliterario\/contacao-de-historias\/\" \/>\r\n<meta property=\"og:locale\" content=\"pt_BR\" \/>\r\n<meta property=\"og:type\" content=\"article\" \/>\r\n<meta property=\"og:title\" content=\"CONTA\u00c7\u00c3O DE HIST\u00d3RIAS - Abril Liter\u00e1rio\" \/>\r\n<meta property=\"og:description\" content=\"&#8220;Bibi vai para a escola&#8221; &#8211; Fl\u00e1via Bibliotec\u00e1ria &#8220;As tr\u00eas perguntas&#8221; &#8211; L\u00facia Bibliotec\u00e1ria &#8220;O pessegueiro&#8221; &#8211; L\u00facia Biblioteca &#8220;A aranha persistente&#8221; &#8211; Alice Rocha &#8211; Escritora e Professora da &hellip; CONTA\u00c7\u00c3O DE HIST\u00d3RIAS Leia mais &raquo;\" \/>\r\n<meta property=\"og:url\" content=\"https:\/\/portaleducacao.guarulhos.sp.gov.br\/wp_site\/abrilliterario\/contacao-de-historias\/\" \/>\r\n<meta property=\"og:site_name\" content=\"Abril Liter\u00e1rio\" \/>\r\n<meta property=\"article:modified_time\" content=\"2023-04-11T18:40:15+00:00\" \/>\r\n<meta name=\"twitter:card\" content=\"summary_large_image\" \/>\r\n<meta name=\"twitter:label1\" content=\"Est. tempo de leitura\" \/>\n\t<meta name=\"twitter:data1\" content=\"1 minuto\" \/>\r\n<script type=\"application\/ld+json\" class=\"yoast-schema-graph\">{\"@context\":\"https:\/\/schema.org\",\"@graph\":[{\"@type\":\"WebPage\",\"@id\":\"https:\/\/portaleducacao.guarulhos.sp.gov.br\/wp_site\/abrilliterario\/contacao-de-historias\/\",\"url\":\"https:\/\/portaleducacao.guarulhos.sp.gov.br\/wp_site\/abrilliterario\/contacao-de-historias\/\",\"name\":\"CONTA\u00c7\u00c3O DE HIST\u00d3RIAS - Abril Liter\u00e1rio\",\"isPartOf\":{\"@id\":\"https:\/\/portaleducacao.guarulhos.sp.gov.br\/wp_site\/abrilliterario\/#website\"},\"datePublished\":\"2023-03-10T13:30:28+00:00\",\"dateModified\":\"2023-04-11T18:40:15+00:00\",\"breadcrumb\":{\"@id\":\"https:\/\/portaleducacao.guarulhos.sp.gov.br\/wp_site\/abrilliterario\/contacao-de-historias\/#breadcrumb\"},\"inLanguage\":\"pt-BR\",\"potentialAction\":[{\"@type\":\"ReadAction\",\"target\":[\"https:\/\/portaleducacao.guarulhos.sp.gov.br\/wp_site\/abrilliterario\/contacao-de-historias\/\"]}]},{\"@type\":\"BreadcrumbList\",\"@id\":\"https:\/\/portaleducacao.guarulhos.sp.gov.br\/wp_site\/abrilliterario\/contacao-de-historias\/#breadcrumb\",\"itemListElement\":[{\"@type\":\"ListItem\",\"position\":1,\"name\":\"In\u00edcio\",\"item\":\"https:\/\/portaleducacao.guarulhos.sp.gov.br\/wp_site\/abrilliterario\/\"},{\"@type\":\"ListItem\",\"position\":2,\"name\":\"CONTA\u00c7\u00c3O DE HIST\u00d3RIAS\"}]},{\"@type\":\"WebSite\",\"@id\":\"https:\/\/portaleducacao.guarulhos.sp.gov.br\/wp_site\/abrilliterario\/#website\",\"url\":\"https:\/\/portaleducacao.guarulhos.sp.gov.br\/wp_site\/abrilliterario\/\",\"name\":\"Abril Liter\u00e1rio\",\"description\":\"Literalmente isso...\",\"potentialAction\":[{\"@type\":\"SearchAction\",\"target\":{\"@type\":\"EntryPoint\",\"urlTemplate\":\"https:\/\/portaleducacao.guarulhos.sp.gov.br\/wp_site\/abrilliterario\/?s={search_term_string}\"},\"query-input\":\"required name=search_term_string\"}],\"inLanguage\":\"pt-BR\"}]}<\/script>\r\n<!-- \/ Yoast SEO plugin. -->","yoast_head_json":{"title":"CONTA\u00c7\u00c3O DE HIST\u00d3RIAS - Abril Liter\u00e1rio","robots":{"index":"index","follow":"follow","max-snippet":"max-snippet:-1","max-image-preview":"max-image-preview:large","max-video-preview":"max-video-preview:-1"},"canonical":"https:\/\/portaleducacao.guarulhos.sp.gov.br\/wp_site\/abrilliterario\/contacao-de-historias\/","og_locale":"pt_BR","og_type":"article","og_title":"CONTA\u00c7\u00c3O DE HIST\u00d3RIAS - Abril Liter\u00e1rio","og_description":"&#8220;Bibi vai para a escola&#8221; &#8211; Fl\u00e1via Bibliotec\u00e1ria &#8220;As tr\u00eas perguntas&#8221; &#8211; L\u00facia Bibliotec\u00e1ria &#8220;O pessegueiro&#8221; &#8211; L\u00facia Biblioteca &#8220;A aranha persistente&#8221; &#8211; Alice Rocha &#8211; Escritora e Professora da &hellip; CONTA\u00c7\u00c3O DE HIST\u00d3RIAS Leia mais &raquo;","og_url":"https:\/\/portaleducacao.guarulhos.sp.gov.br\/wp_site\/abrilliterario\/contacao-de-historias\/","og_site_name":"Abril Liter\u00e1rio","article_modified_time":"2023-04-11T18:40:15+00:00","twitter_card":"summary_large_image","twitter_misc":{"Est. tempo de leitura":"1 minuto"},"schema":{"@context":"https:\/\/schema.org","@graph":[{"@type":"WebPage","@id":"https:\/\/portaleducacao.guarulhos.sp.gov.br\/wp_site\/abrilliterario\/contacao-de-historias\/","url":"https:\/\/portaleducacao.guarulhos.sp.gov.br\/wp_site\/abrilliterario\/contacao-de-historias\/","name":"CONTA\u00c7\u00c3O DE HIST\u00d3RIAS - Abril Liter\u00e1rio","isPartOf":{"@id":"https:\/\/portaleducacao.guarulhos.sp.gov.br\/wp_site\/abrilliterario\/#website"},"datePublished":"2023-03-10T13:30:28+00:00","dateModified":"2023-04-11T18:40:15+00:00","breadcrumb":{"@id":"https:\/\/portaleducacao.guarulhos.sp.gov.br\/wp_site\/abrilliterario\/contacao-de-historias\/#breadcrumb"},"inLanguage":"pt-BR","potentialAction":[{"@type":"ReadAction","target":["https:\/\/portaleducacao.guarulhos.sp.gov.br\/wp_site\/abrilliterario\/contacao-de-historias\/"]}]},{"@type":"BreadcrumbList","@id":"https:\/\/portaleducacao.guarulhos.sp.gov.br\/wp_site\/abrilliterario\/contacao-de-historias\/#breadcrumb","itemListElement":[{"@type":"ListItem","position":1,"name":"In\u00edcio","item":"https:\/\/portaleducacao.guarulhos.sp.gov.br\/wp_site\/abrilliterario\/"},{"@type":"ListItem","position":2,"name":"CONTA\u00c7\u00c3O DE HIST\u00d3RIAS"}]},{"@type":"WebSite","@id":"https:\/\/portaleducacao.guarulhos.sp.gov.br\/wp_site\/abrilliterario\/#website","url":"https:\/\/portaleducacao.guarulhos.sp.gov.br\/wp_site\/abrilliterario\/","name":"Abril Liter\u00e1rio","description":"Literalmente isso...","potentialAction":[{"@type":"SearchAction","target":{"@type":"EntryPoint","urlTemplate":"https:\/\/portaleducacao.guarulhos.sp.gov.br\/wp_site\/abrilliterario\/?s={search_term_string}"},"query-input":"required name=search_term_string"}],"inLanguage":"pt-BR"}]}},"_links":{"self":[{"href":"https:\/\/portaleducacao.guarulhos.sp.gov.br\/wp_site\/abrilliterario\/wp-json\/wp\/v2\/pages\/182"}],"collection":[{"href":"https:\/\/portaleducacao.guarulhos.sp.gov.br\/wp_site\/abrilliterario\/wp-json\/wp\/v2\/pages"}],"about":[{"href":"https:\/\/portaleducacao.guarulhos.sp.gov.br\/wp_site\/abrilliterario\/wp-json\/wp\/v2\/types\/page"}],"author":[{"embeddable":true,"href":"https:\/\/portaleducacao.guarulhos.sp.gov.br\/wp_site\/abrilliterario\/wp-json\/wp\/v2\/users\/8"}],"replies":[{"embeddable":true,"href":"https:\/\/portaleducacao.guarulhos.sp.gov.br\/wp_site\/abrilliterario\/wp-json\/wp\/v2\/comments?post=182"}],"version-history":[{"count":13,"href":"https:\/\/portaleducacao.guarulhos.sp.gov.br\/wp_site\/abrilliterario\/wp-json\/wp\/v2\/pages\/182\/revisions"}],"predecessor-version":[{"id":1787,"href":"https:\/\/portaleducacao.guarulhos.sp.gov.br\/wp_site\/abrilliterario\/wp-json\/wp\/v2\/pages\/182\/revisions\/1787"}],"wp:attachment":[{"href":"https:\/\/portaleducacao.guarulhos.sp.gov.br\/wp_site\/abrilliterario\/wp-json\/wp\/v2\/media?parent=182"}],"wp:term":[{"taxonomy":"category","embeddable":true,"href":"https:\/\/portaleducacao.guarulhos.sp.gov.br\/wp_site\/abrilliterario\/wp-json\/wp\/v2\/categories?post=182"},{"taxonomy":"post_tag","embeddable":true,"href":"https:\/\/portaleducacao.guarulhos.sp.gov.br\/wp_site\/abrilliterario\/wp-json\/wp\/v2\/tags?post=182"}],"curies":[{"name":"wp","href":"https:\/\/api.w.org\/{rel}","templated":true}]}}

CONTAÇÃO DE HISTÓRIAS

<p class="has-medium-font-size"><strong>&#8220;Bibi vai para a escola&#8221;</strong> &#8211; Flávia Bibliotecária</p>



<figure class="wp-block-embed aligncenter is-type-video is-provider-youtube wp-block-embed-youtube wp-embed-aspect-16-9 wp-has-aspect-ratio"><div class="wp-block-embed__wrapper">
<div class="ast-oembed-container" style="height: 100%;"><iframe loading="lazy" title="Bibi vai para a escola - Abril Literário 2023" width="500" height="281" src="https://www.youtube.com/embed/th-fuqaxym0?feature=oembed" frameborder="0" allow="accelerometer; autoplay; clipboard-write; encrypted-media; gyroscope; picture-in-picture; web-share" referrerpolicy="strict-origin-when-cross-origin" allowfullscreen></iframe></div>
</div></figure>



<hr class="wp-block-separator has-alpha-channel-opacity is-style-wide" />



<p class="has-medium-font-size"><strong>&#8220;As três perguntas&#8221; &#8211;</strong> Lúcia Bibliotecária</p>



<hr class="wp-block-separator has-alpha-channel-opacity is-style-wide" />



<figure class="wp-block-embed aligncenter is-type-video is-provider-youtube wp-block-embed-youtube wp-embed-aspect-16-9 wp-has-aspect-ratio"><div class="wp-block-embed__wrapper">
<div class="ast-oembed-container" style="height: 100%;"><iframe loading="lazy" title="As três perguntas - Abril Literário 2023" width="500" height="281" src="https://www.youtube.com/embed/Dh3cy5DRPfY?feature=oembed" frameborder="0" allow="accelerometer; autoplay; clipboard-write; encrypted-media; gyroscope; picture-in-picture; web-share" referrerpolicy="strict-origin-when-cross-origin" allowfullscreen></iframe></div>
</div></figure>



<hr class="wp-block-separator has-alpha-channel-opacity is-style-wide" />



<p class="has-medium-font-size"><strong>&#8220;O pessegueiro&#8221;</strong> &#8211; Lúcia Biblioteca</p>



<hr class="wp-block-separator has-alpha-channel-opacity is-style-wide" />



<figure class="wp-block-embed aligncenter is-type-video is-provider-youtube wp-block-embed-youtube wp-embed-aspect-16-9 wp-has-aspect-ratio"><div class="wp-block-embed__wrapper">
<div class="ast-oembed-container" style="height: 100%;"><iframe loading="lazy" title="O pessegueiro - Abril Literário 2023" width="500" height="281" src="https://www.youtube.com/embed/VhYSvzGb23s?feature=oembed" frameborder="0" allow="accelerometer; autoplay; clipboard-write; encrypted-media; gyroscope; picture-in-picture; web-share" referrerpolicy="strict-origin-when-cross-origin" allowfullscreen></iframe></div>
</div></figure>



<p></p>



<hr class="wp-block-separator has-alpha-channel-opacity is-style-wide" />



<p class="has-medium-font-size"><strong>&#8220;A aranha persistente&#8221; </strong>&#8211; Alice Rocha &#8211; Escritora e Professora da Rede Municipal de Guarulhos</p>



<figure class="wp-block-embed is-type-video is-provider-youtube wp-block-embed-youtube wp-embed-aspect-16-9 wp-has-aspect-ratio"><div class="wp-block-embed__wrapper">
<div class="ast-oembed-container" style="height: 100%;"><iframe loading="lazy" title="A aranha persistente - Abril Literário 2023" width="500" height="281" src="https://www.youtube.com/embed/MvaOoy2zXL8?feature=oembed" frameborder="0" allow="accelerometer; autoplay; clipboard-write; encrypted-media; gyroscope; picture-in-picture; web-share" referrerpolicy="strict-origin-when-cross-origin" allowfullscreen></iframe></div>
</div></figure>

<p>&#8220;Bibi vai para a escola&#8221; &#8211; Flávia Bibliotecária &#8220;As três perguntas&#8221; &#8211; Lúcia Bibliotecária &#8220;O pessegueiro&#8221; &#8211; Lúcia Biblioteca &#8220;A aranha persistente&#8221; &#8211; Alice Rocha &#8211; Escritora e Professora da &hellip;</p>
<p class="read-more"> <a class="" href="https://portaleducacao.guarulhos.sp.gov.br/wp_site/abrilliterario/contacao-de-historias/"> <span class="screen-reader-text">CONTAÇÃO DE HISTÓRIAS</span> Leia mais &raquo;</a></p>

<!-- This site is optimized with the Yoast SEO plugin v19.7.1 - https://yoast.com/wordpress/plugins/seo/ -->
<title>CONTAÇÃO DE HISTÓRIAS - Abril Literário</title>
<meta name="robots" content="index, follow, max-snippet:-1, max-image-preview:large, max-video-preview:-1" />
<link rel="canonical" href="https://portaleducacao.guarulhos.sp.gov.br/wp_site/abrilliterario/contacao-de-historias/" />
<meta property="og:locale" content="pt_BR" />
<meta property="og:type" content="article" />
<meta property="og:title" content="CONTAÇÃO DE HISTÓRIAS - Abril Literário" />
<meta property="og:description" content="&#8220;Bibi vai para a escola&#8221; &#8211; Flávia Bibliotecária &#8220;As três perguntas&#8221; &#8211; Lúcia Bibliotecária &#8220;O pessegueiro&#8221; &#8211; Lúcia Biblioteca &#8220;A aranha persistente&#8221; &#8211; Alice Rocha &#8211; Escritora e Professora da &hellip; CONTAÇÃO DE HISTÓRIAS Leia mais &raquo;" />
<meta property="og:url" content="https://portaleducacao.guarulhos.sp.gov.br/wp_site/abrilliterario/contacao-de-historias/" />
<meta property="og:site_name" content="Abril Literário" />
<meta property="article:modified_time" content="2023-04-11T18:40:15+00:00" />
<meta name="twitter:card" content="summary_large_image" />
<meta name="twitter:label1" content="Est. tempo de leitura" />
	<meta name="twitter:data1" content="1 minuto" />
<script type="application/ld+json" class="yoast-schema-graph">{"@context":"https://schema.org","@graph":[{"@type":"WebPage","@id":"https://portaleducacao.guarulhos.sp.gov.br/wp_site/abrilliterario/contacao-de-historias/","url":"https://portaleducacao.guarulhos.sp.gov.br/wp_site/abrilliterario/contacao-de-historias/","name":"CONTAÇÃO DE HISTÓRIAS - Abril Literário","isPartOf":{"@id":"https://portaleducacao.guarulhos.sp.gov.br/wp_site/abrilliterario/#website"},"datePublished":"2023-03-10T13:30:28+00:00","dateModified":"2023-04-11T18:40:15+00:00","breadcrumb":{"@id":"https://portaleducacao.guarulhos.sp.gov.br/wp_site/abrilliterario/contacao-de-historias/#breadcrumb"},"inLanguage":"pt-BR","potentialAction":[{"@type":"ReadAction","target":["https://portaleducacao.guarulhos.sp.gov.br/wp_site/abrilliterario/contacao-de-historias/"]}]},{"@type":"BreadcrumbList","@id":"https://portaleducacao.guarulhos.sp.gov.br/wp_site/abrilliterario/contacao-de-historias/#breadcrumb","itemListElement":[{"@type":"ListItem","position":1,"name":"Início","item":"https://portaleducacao.guarulhos.sp.gov.br/wp_site/abrilliterario/"},{"@type":"ListItem","position":2,"name":"CONTAÇÃO DE HISTÓRIAS"}]},{"@type":"WebSite","@id":"https://portaleducacao.guarulhos.sp.gov.br/wp_site/abrilliterario/#website","url":"https://portaleducacao.guarulhos.sp.gov.br/wp_site/abrilliterario/","name":"Abril Literário","description":"Literalmente isso...","potentialAction":[{"@type":"SearchAction","target":{"@type":"EntryPoint","urlTemplate":"https://portaleducacao.guarulhos.sp.gov.br/wp_site/abrilliterario/?s={search_term_string}"},"query-input":"required name=search_term_string"}],"inLanguage":"pt-BR"}]}</script>
<!-- / Yoast SEO plugin. -->

CONTAÇÃO DE HISTÓRIAS - Abril Literário

&#8220;Bibi vai para a escola&#8221; &#8211; Flávia Bibliotecária &#8220;As três perguntas&#8221; &#8211; Lúcia Bibliotecária &#8220;O pessegueiro&#8221; &#8211; Lúcia Biblioteca &#8220;A aranha persistente&#8221; &#8211; Alice Rocha &#8211; Escritora e Professora da &hellip; CONTAÇÃO DE HISTÓRIAS Leia mais &raquo;

Abril Literário

Início
