{"id":55,"date":"2021-03-24T10:16:45","date_gmt":"2021-03-24T13:16:45","guid":{"rendered":"http:\/\/portaleducacao.guarulhos.sp.gov.br\/wp_site\/abrilliterario\/?page_id=55"},"modified":"2021-04-22T21:15:52","modified_gmt":"2021-04-23T00:15:52","slug":"centros-educacionais","status":"publish","type":"page","link":"https:\/\/portaleducacao.guarulhos.sp.gov.br\/wp_site\/abrilliterario2021\/centros-educacionais\/","title":{"rendered":"CENTROS EDUCACIONAIS"},"content":{"rendered":"\n<h2><strong><span class=\"has-inline-color has-luminous-vivid-orange-color\">CEMEA<\/span><\/strong><\/h2>\n\n\n\n<figure class=\"wp-block-embed-youtube wp-block-embed is-type-video is-provider-youtube wp-embed-aspect-16-9 wp-has-aspect-ratio\"><div class=\"wp-block-embed__wrapper\">\n<iframe loading=\"lazy\" title=\"Conhecendo o Parque Chico Mendes - Paloma e Maria\" width=\"870\" height=\"489\" src=\"https:\/\/www.youtube.com\/embed\/7zIqmcW80_s?feature=oembed\" frameborder=\"0\" allow=\"accelerometer; autoplay; clipboard-write; encrypted-media; gyroscope; picture-in-picture\" allowfullscreen><\/iframe>\n<\/div><\/figure>\n\n\n\n<div style=\"height:100px\" aria-hidden=\"true\" class=\"wp-block-spacer\"><\/div>\n\n\n\n<h2><strong><strong><span class=\"has-inline-color has-luminous-vivid-orange-color\">Centro Municipal de Educa\u00e7\u00e3o e Artes (CEMEAR)<\/span><\/strong><\/strong><\/h2>\n\n\n\n<p class=\"has-medium-font-size\"><strong>Atividade:<\/strong> Exposi\u00e7\u00e3o Virtual &#8211; mural po\u00e9tico: \u201cSemeando poesia e arte, musicalizando a vida\u2026\u201d<br><strong>Per\u00edodo:<\/strong> de 01 a 30\/04<br><strong>Unidade:<\/strong> CEMEAR<br><strong>Respons\u00e1vel:<\/strong> Ana Paula Lucio Souto Ferreira (gestora)<br><strong>Contatos:<\/strong> Fone: 2475-7300, ramal 7449 \/ whatsapp: 97309-0225 \u2013 email: secretariacemear@gmail.com<br><strong>P\u00fablico-Alvo:<\/strong> Livre<br><strong>Acesso:<\/strong> <a href=\"https:\/\/padlet.com\/anarafelipe\/4kfz7aenay6h9r4v\">https:\/\/padlet.com\/anarafelipe\/4kfz7aenay6h9r4v<\/a><\/p>\n\n\n\n<div style=\"height:100px\" aria-hidden=\"true\" class=\"wp-block-spacer\"><\/div>\n\n\n\n<figure class=\"wp-block-embed-youtube wp-block-embed is-type-video is-provider-youtube wp-embed-aspect-16-9 wp-has-aspect-ratio\"><div class=\"wp-block-embed__wrapper\">\n<iframe loading=\"lazy\" title=\"Flicts - Reading\" width=\"870\" height=\"489\" src=\"https:\/\/www.youtube.com\/embed\/4ZkDTzWPJf0?feature=oembed\" frameborder=\"0\" allow=\"accelerometer; autoplay; clipboard-write; encrypted-media; gyroscope; picture-in-picture\" allowfullscreen><\/iframe>\n<\/div><\/figure>\n\n\n\n<div style=\"height:100px\" aria-hidden=\"true\" class=\"wp-block-spacer\"><\/div>\n\n\n\n<figure class=\"wp-block-embed-youtube wp-block-embed is-type-video is-provider-youtube wp-embed-aspect-16-9 wp-has-aspect-ratio\"><div class=\"wp-block-embed__wrapper\">\n<iframe loading=\"lazy\" title=\"Projeto EducaDan\u00e7a (Cemear) - Professora Regeane\" width=\"870\" height=\"489\" src=\"https:\/\/www.youtube.com\/embed\/eBPjiKOoNY8?feature=oembed\" frameborder=\"0\" allow=\"accelerometer; autoplay; clipboard-write; encrypted-media; gyroscope; picture-in-picture\" allowfullscreen><\/iframe>\n<\/div><\/figure>\n\n\n\n<div style=\"height:100px\" aria-hidden=\"true\" class=\"wp-block-spacer\"><\/div>\n\n\n\n<figure class=\"wp-block-embed-youtube wp-block-embed is-type-video is-provider-youtube wp-embed-aspect-16-9 wp-has-aspect-ratio\"><div class=\"wp-block-embed__wrapper\">\n<iframe loading=\"lazy\" title=\"Pesquisa de Poemas e Poesias sobre a Dan\u00e7a - Poema Sonho\" width=\"870\" height=\"489\" src=\"https:\/\/www.youtube.com\/embed\/Zq0AoxagCew?feature=oembed\" frameborder=\"0\" allow=\"accelerometer; autoplay; clipboard-write; encrypted-media; gyroscope; picture-in-picture\" allowfullscreen><\/iframe>\n<\/div><\/figure>\n\n\n\n<div style=\"height:100px\" aria-hidden=\"true\" class=\"wp-block-spacer\"><\/div>\n\n\n\n<figure class=\"wp-block-embed-youtube wp-block-embed is-type-video is-provider-youtube wp-embed-aspect-16-9 wp-has-aspect-ratio\"><div class=\"wp-block-embed__wrapper\">\n<iframe loading=\"lazy\" title=\"Louvada seja a Dan\u00e7a\" width=\"870\" height=\"489\" src=\"https:\/\/www.youtube.com\/embed\/aTs6Qbx96zk?feature=oembed\" frameborder=\"0\" allow=\"accelerometer; autoplay; clipboard-write; encrypted-media; gyroscope; picture-in-picture\" allowfullscreen><\/iframe>\n<\/div><\/figure>\n\n\n\n<div style=\"height:100px\" aria-hidden=\"true\" class=\"wp-block-spacer\"><\/div>\n\n\n\n<figure class=\"wp-block-embed-youtube wp-block-embed is-type-video is-provider-youtube wp-embed-aspect-16-9 wp-has-aspect-ratio\"><div class=\"wp-block-embed__wrapper\">\n<iframe loading=\"lazy\" title=\"As Novas Sapatilhas\" width=\"870\" height=\"489\" src=\"https:\/\/www.youtube.com\/embed\/lWyJK1kkPyc?feature=oembed\" frameborder=\"0\" allow=\"accelerometer; autoplay; clipboard-write; encrypted-media; gyroscope; picture-in-picture\" allowfullscreen><\/iframe>\n<\/div><\/figure>\n\n\n\n<div style=\"height:100px\" aria-hidden=\"true\" class=\"wp-block-spacer\"><\/div>\n\n\n\n<figure class=\"wp-block-embed-youtube wp-block-embed is-type-video is-provider-youtube wp-embed-aspect-16-9 wp-has-aspect-ratio\"><div class=\"wp-block-embed__wrapper\">\n<iframe loading=\"lazy\" title=\"Da Raiz do Cabelo at\u00e9 a Ponta do P\u00e9\" width=\"870\" height=\"489\" src=\"https:\/\/www.youtube.com\/embed\/TZq4nzII0_8?feature=oembed\" frameborder=\"0\" allow=\"accelerometer; autoplay; clipboard-write; encrypted-media; gyroscope; picture-in-picture\" allowfullscreen><\/iframe>\n<\/div><\/figure>\n\n\n\n<div style=\"height:100px\" aria-hidden=\"true\" class=\"wp-block-spacer\"><\/div>\n\n\n\n<figure class=\"wp-block-embed-youtube wp-block-embed is-type-video is-provider-youtube wp-embed-aspect-16-9 wp-has-aspect-ratio\"><div class=\"wp-block-embed__wrapper\">\n<iframe loading=\"lazy\" title=\"Contos do Bal\u00e9\" width=\"870\" height=\"489\" src=\"https:\/\/www.youtube.com\/embed\/Laelvu4wraU?feature=oembed\" frameborder=\"0\" allow=\"accelerometer; autoplay; clipboard-write; encrypted-media; gyroscope; picture-in-picture\" allowfullscreen><\/iframe>\n<\/div><\/figure>\n\n\n\n<div style=\"height:100px\" aria-hidden=\"true\" class=\"wp-block-spacer\"><\/div>\n\n\n\n<figure class=\"wp-block-embed-youtube wp-block-embed is-type-video is-provider-youtube wp-embed-aspect-16-9 wp-has-aspect-ratio\"><div class=\"wp-block-embed__wrapper\">\n<iframe loading=\"lazy\" title=\"The Pink Bee - Professora Gisele\" width=\"870\" height=\"489\" src=\"https:\/\/www.youtube.com\/embed\/TKT9UgsPCP8?feature=oembed\" frameborder=\"0\" allow=\"accelerometer; autoplay; clipboard-write; encrypted-media; gyroscope; picture-in-picture\" allowfullscreen><\/iframe>\n<\/div><\/figure>\n\n\n\n<div style=\"height:100px\" aria-hidden=\"true\" class=\"wp-block-spacer\"><\/div>\n\n\n\n<figure class=\"wp-block-embed-youtube wp-block-embed is-type-video is-provider-youtube wp-embed-aspect-16-9 wp-has-aspect-ratio\"><div class=\"wp-block-embed__wrapper\">\n<iframe loading=\"lazy\" title=\"Amigo Libro\" width=\"870\" height=\"489\" src=\"https:\/\/www.youtube.com\/embed\/3RaA6cnkWkU?feature=oembed\" frameborder=\"0\" allow=\"accelerometer; autoplay; clipboard-write; encrypted-media; gyroscope; picture-in-picture\" allowfullscreen><\/iframe>\n<\/div><\/figure>\n\n\n\n<div style=\"height:100px\" aria-hidden=\"true\" class=\"wp-block-spacer\"><\/div>\n\n\n\n<figure class=\"wp-block-embed-youtube wp-block-embed is-type-video is-provider-youtube wp-embed-aspect-16-9 wp-has-aspect-ratio\"><div class=\"wp-block-embed__wrapper\">\n<iframe loading=\"lazy\" title=\"Caballero Don Quijote - Rozilane Silva\" width=\"870\" height=\"489\" src=\"https:\/\/www.youtube.com\/embed\/uoHNgn080PY?feature=oembed\" frameborder=\"0\" allow=\"accelerometer; autoplay; clipboard-write; encrypted-media; gyroscope; picture-in-picture\" allowfullscreen><\/iframe>\n<\/div><\/figure>\n\n\n\n<div style=\"height:100px\" aria-hidden=\"true\" class=\"wp-block-spacer\"><\/div>\n\n\n\n<figure class=\"wp-block-embed-youtube wp-block-embed is-type-video is-provider-youtube wp-embed-aspect-16-9 wp-has-aspect-ratio\"><div class=\"wp-block-embed__wrapper\">\n<iframe loading=\"lazy\" title=\"Don Libro est\u00e1 Helado - La\u00eds Fernandes Konyosi\" width=\"870\" height=\"489\" src=\"https:\/\/www.youtube.com\/embed\/Q2K45vfi4JU?feature=oembed\" frameborder=\"0\" allow=\"accelerometer; autoplay; clipboard-write; encrypted-media; gyroscope; picture-in-picture\" allowfullscreen><\/iframe>\n<\/div><\/figure>\n\n\n\n<div style=\"height:100px\" aria-hidden=\"true\" class=\"wp-block-spacer\"><\/div>\n\n\n\n<figure class=\"wp-block-embed-youtube wp-block-embed is-type-video is-provider-youtube wp-embed-aspect-16-9 wp-has-aspect-ratio\"><div class=\"wp-block-embed__wrapper\">\n<iframe loading=\"lazy\" title=\"I&#039;m not a Label\" width=\"870\" height=\"489\" src=\"https:\/\/www.youtube.com\/embed\/1I3661Bkcts?feature=oembed\" frameborder=\"0\" allow=\"accelerometer; autoplay; clipboard-write; encrypted-media; gyroscope; picture-in-picture\" allowfullscreen><\/iframe>\n<\/div><\/figure>\n\n\n\n<div style=\"height:100px\" aria-hidden=\"true\" class=\"wp-block-spacer\"><\/div>\n\n\n\n<figure class=\"wp-block-embed-youtube wp-block-embed is-type-video is-provider-youtube wp-embed-aspect-16-9 wp-has-aspect-ratio\"><div class=\"wp-block-embed__wrapper\">\n<iframe loading=\"lazy\" title=\"Projeto Ecoviver - Toda Vida \u00e9 Importante\" width=\"870\" height=\"489\" src=\"https:\/\/www.youtube.com\/embed\/Fq7iFo7I9H4?feature=oembed\" frameborder=\"0\" allow=\"accelerometer; autoplay; clipboard-write; encrypted-media; gyroscope; picture-in-picture\" allowfullscreen><\/iframe>\n<\/div><\/figure>\n\n\n\n<div style=\"height:100px\" aria-hidden=\"true\" class=\"wp-block-spacer\"><\/div>\n\n\n\n<figure class=\"wp-block-embed-youtube wp-block-embed is-type-video is-provider-youtube wp-embed-aspect-16-9 wp-has-aspect-ratio\"><div class=\"wp-block-embed__wrapper\">\n<iframe loading=\"lazy\" title=\"Relatos Sobre a Hist\u00f3ria do Jazz\" width=\"870\" height=\"489\" src=\"https:\/\/www.youtube.com\/embed\/3bCc7UYK2xc?feature=oembed\" frameborder=\"0\" allow=\"accelerometer; autoplay; clipboard-write; encrypted-media; gyroscope; picture-in-picture\" allowfullscreen><\/iframe>\n<\/div><\/figure>\n\n\n\n<div style=\"height:100px\" aria-hidden=\"true\" class=\"wp-block-spacer\"><\/div>\n\n\n\n<figure class=\"wp-block-embed-youtube wp-block-embed is-type-video is-provider-youtube wp-embed-aspect-16-9 wp-has-aspect-ratio\"><div class=\"wp-block-embed__wrapper\">\n<iframe loading=\"lazy\" title=\"Watermelon\" width=\"870\" height=\"489\" src=\"https:\/\/www.youtube.com\/embed\/muyiBSVe4vA?feature=oembed\" frameborder=\"0\" allow=\"accelerometer; autoplay; clipboard-write; encrypted-media; gyroscope; picture-in-picture\" allowfullscreen><\/iframe>\n<\/div><\/figure>\n\n\n\n<div style=\"height:100px\" aria-hidden=\"true\" class=\"wp-block-spacer\"><\/div>\n\n\n\n<h2><span class=\"has-inline-color has-luminous-vivid-orange-color\">CME Parque J\u00falio Fracalanza<\/span><\/h2>\n\n\n\n<p class=\"has-medium-font-size\"><strong>Atividade:<\/strong> Indica\u00e7\u00f5es de Leitura<br><strong>Data\/Hor\u00e1rio:<\/strong> 15 de abril,  \u00e0s 10h<br><strong>Unidade: <\/strong>Biblioteca Jos\u00e9 Mignella<br><strong>Respons\u00e1vel: <\/strong>Viviane C\u00e1ssia de Souza Aquino<br><strong>Contatos: <\/strong>Fone: 2414-2050 &#8211; email: cmeparquejuliofracalanza@gmail.com<br><strong>P\u00fablico-Alvo:<\/strong> Livre<br><strong>Acesso: <\/strong><a href=\"https:\/\/www.facebook.com\/Parque-J\u00falio-Fracalanza-110880301079360\/\" target=\"_blank\" rel=\"noreferrer noopener\">https:\/\/www.facebook.com\/Parque-J%C3%BAlio-Fracalanza-110880301079360\/<\/a><\/p>\n\n\n\n<p class=\"has-medium-font-size\"><strong>Atividade:<\/strong> Conta\u00e7\u00e3o de Hist\u00f3ria<br><strong>Data\/Hor\u00e1rio:<\/strong> 22 de abril<br><strong>Unidade: <\/strong>Biblioteca Jos\u00e9 Mignella<br><strong>Respons\u00e1vel:<\/strong> Viviane C\u00e1ssia de Souza Aquino<br><strong>P\u00fablico-Alvo:<\/strong> Infantil<br><strong>Acesso:<\/strong> <a rel=\"noreferrer noopener\" href=\"https:\/\/www.facebook.com\/Parque-J\u00falio-Fracalanza-110880301079360\/\" target=\"_blank\">https:\/\/www.facebook.com\/Parque-J%C3%BAlio-Fracalanza-110880301079360\/<\/a><\/p>\n\n\n\n<p class=\"has-medium-font-size\"><strong>Atividade:<\/strong> Leitura de cr\u00f4nica<br><strong>Data\/Hor\u00e1rio:<\/strong> 29 de abril, \u00e0s 10h<br><strong>Unidade: <\/strong>Biblioteca Jos\u00e9 Mignella<br><strong>Respons\u00e1vel:<\/strong> Viviane C\u00e1ssia de Souza Aquino<br><strong>P\u00fablico-Alvo:<\/strong> Juvenil e adulto<br><strong>Acesso:<\/strong><a href=\"https:\/\/www.facebook.com\/Parque-J\u00falio-Fracalanza-110880301079360\/\"> <\/a><a href=\"https:\/\/www.facebook.com\/Parque-J\u00falio-Fracalanza-110880301079360\/\" target=\"_blank\" rel=\"noreferrer noopener\">https:\/\/www.facebook.com\/Parque-J%C3%BAlio-Fracalanza-110880301079360\/<\/a><\/p>\n","protected":false},"excerpt":{"rendered":"<p>CEMEA Centro Municipal de Educa\u00e7\u00e3o e Artes (CEMEAR) Atividade: Exposi\u00e7\u00e3o Virtual &#8211; mural po\u00e9tico: \u201cSemeando poesia e arte, musicalizando a vida\u2026\u201dPer\u00edodo: de 01 a 30\/04Unidade: CEMEARRespons\u00e1vel: Ana Paula Lucio Souto [&hellip;]<\/p>\n","protected":false},"author":1,"featured_media":0,"parent":0,"menu_order":0,"comment_status":"closed","ping_status":"closed","template":"","meta":{"_monsterinsights_skip_tracking":false,"_monsterinsights_sitenote_active":false,"_monsterinsights_sitenote_note":"","_monsterinsights_sitenote_category":0,"_expiration-date-status":"","_expiration-date":0,"_expiration-date-type":"","_expiration-date-categories":[],"_expiration-date-options":[]},"categories":[],"tags":[],"yoast_head":"<!-- This site is optimized with the Yoast SEO plugin v19.7.1 - https:\/\/yoast.com\/wordpress\/plugins\/seo\/ -->\r\n<title>CENTROS EDUCACIONAIS - Abril Liter\u00e1rio Virtual 2021 - Literalmente Isso...<\/title>\r\n<meta name=\"robots\" content=\"index, follow, max-snippet:-1, max-image-preview:large, max-video-preview:-1\" \/>\r\n<link rel=\"canonical\" href=\"https:\/\/portaleducacao.guarulhos.sp.gov.br\/wp_site\/abrilliterario2021\/centros-educacionais\/\" \/>\r\n<meta property=\"og:locale\" content=\"pt_BR\" \/>\r\n<meta property=\"og:type\" content=\"article\" \/>\r\n<meta property=\"og:title\" content=\"CENTROS EDUCACIONAIS - Abril Liter\u00e1rio Virtual 2021 - Literalmente Isso...\" \/>\r\n<meta property=\"og:description\" content=\"CEMEA Centro Municipal de Educa\u00e7\u00e3o e Artes (CEMEAR) Atividade: Exposi\u00e7\u00e3o Virtual &#8211; mural po\u00e9tico: \u201cSemeando poesia e arte, musicalizando a vida\u2026\u201dPer\u00edodo: de 01 a 30\/04Unidade: CEMEARRespons\u00e1vel: Ana Paula Lucio Souto [&hellip;]\" \/>\r\n<meta property=\"og:url\" content=\"https:\/\/portaleducacao.guarulhos.sp.gov.br\/wp_site\/abrilliterario2021\/centros-educacionais\/\" \/>\r\n<meta property=\"og:site_name\" content=\"Abril Liter\u00e1rio Virtual 2021 - Literalmente Isso...\" \/>\r\n<meta property=\"article:modified_time\" content=\"2021-04-23T00:15:52+00:00\" \/>\r\n<meta name=\"twitter:card\" content=\"summary_large_image\" \/>\r\n<meta name=\"twitter:label1\" content=\"Est. tempo de leitura\" \/>\n\t<meta name=\"twitter:data1\" content=\"1 minuto\" \/>\r\n<script type=\"application\/ld+json\" class=\"yoast-schema-graph\">{\"@context\":\"https:\/\/schema.org\",\"@graph\":[{\"@type\":\"WebPage\",\"@id\":\"https:\/\/portaleducacao.guarulhos.sp.gov.br\/wp_site\/abrilliterario2021\/centros-educacionais\/\",\"url\":\"https:\/\/portaleducacao.guarulhos.sp.gov.br\/wp_site\/abrilliterario2021\/centros-educacionais\/\",\"name\":\"CENTROS EDUCACIONAIS - Abril Liter\u00e1rio Virtual 2021 - Literalmente Isso...\",\"isPartOf\":{\"@id\":\"https:\/\/portaleducacao.guarulhos.sp.gov.br\/wp_site\/abrilliterario2021\/#website\"},\"datePublished\":\"2021-03-24T13:16:45+00:00\",\"dateModified\":\"2021-04-23T00:15:52+00:00\",\"breadcrumb\":{\"@id\":\"https:\/\/portaleducacao.guarulhos.sp.gov.br\/wp_site\/abrilliterario2021\/centros-educacionais\/#breadcrumb\"},\"inLanguage\":\"pt-BR\",\"potentialAction\":[{\"@type\":\"ReadAction\",\"target\":[\"https:\/\/portaleducacao.guarulhos.sp.gov.br\/wp_site\/abrilliterario2021\/centros-educacionais\/\"]}]},{\"@type\":\"BreadcrumbList\",\"@id\":\"https:\/\/portaleducacao.guarulhos.sp.gov.br\/wp_site\/abrilliterario2021\/centros-educacionais\/#breadcrumb\",\"itemListElement\":[{\"@type\":\"ListItem\",\"position\":1,\"name\":\"In\u00edcio\",\"item\":\"https:\/\/portaleducacao.guarulhos.sp.gov.br\/wp_site\/abrilliterario2021\/\"},{\"@type\":\"ListItem\",\"position\":2,\"name\":\"CENTROS EDUCACIONAIS\"}]},{\"@type\":\"WebSite\",\"@id\":\"https:\/\/portaleducacao.guarulhos.sp.gov.br\/wp_site\/abrilliterario2021\/#website\",\"url\":\"https:\/\/portaleducacao.guarulhos.sp.gov.br\/wp_site\/abrilliterario2021\/\",\"name\":\"Abril Liter\u00e1rio Virtual 2021 - Literalmente Isso...\",\"description\":\"Secretaria Municipal de Educa\u00e7\u00e3o de Guarulhos\",\"potentialAction\":[{\"@type\":\"SearchAction\",\"target\":{\"@type\":\"EntryPoint\",\"urlTemplate\":\"https:\/\/portaleducacao.guarulhos.sp.gov.br\/wp_site\/abrilliterario2021\/?s={search_term_string}\"},\"query-input\":\"required name=search_term_string\"}],\"inLanguage\":\"pt-BR\"}]}<\/script>\r\n<!-- \/ Yoast SEO plugin. -->","yoast_head_json":{"title":"CENTROS EDUCACIONAIS - Abril Liter\u00e1rio Virtual 2021 - Literalmente Isso...","robots":{"index":"index","follow":"follow","max-snippet":"max-snippet:-1","max-image-preview":"max-image-preview:large","max-video-preview":"max-video-preview:-1"},"canonical":"https:\/\/portaleducacao.guarulhos.sp.gov.br\/wp_site\/abrilliterario2021\/centros-educacionais\/","og_locale":"pt_BR","og_type":"article","og_title":"CENTROS EDUCACIONAIS - Abril Liter\u00e1rio Virtual 2021 - Literalmente Isso...","og_description":"CEMEA Centro Municipal de Educa\u00e7\u00e3o e Artes (CEMEAR) Atividade: Exposi\u00e7\u00e3o Virtual &#8211; mural po\u00e9tico: \u201cSemeando poesia e arte, musicalizando a vida\u2026\u201dPer\u00edodo: de 01 a 30\/04Unidade: CEMEARRespons\u00e1vel: Ana Paula Lucio Souto [&hellip;]","og_url":"https:\/\/portaleducacao.guarulhos.sp.gov.br\/wp_site\/abrilliterario2021\/centros-educacionais\/","og_site_name":"Abril Liter\u00e1rio Virtual 2021 - Literalmente Isso...","article_modified_time":"2021-04-23T00:15:52+00:00","twitter_card":"summary_large_image","twitter_misc":{"Est. tempo de leitura":"1 minuto"},"schema":{"@context":"https:\/\/schema.org","@graph":[{"@type":"WebPage","@id":"https:\/\/portaleducacao.guarulhos.sp.gov.br\/wp_site\/abrilliterario2021\/centros-educacionais\/","url":"https:\/\/portaleducacao.guarulhos.sp.gov.br\/wp_site\/abrilliterario2021\/centros-educacionais\/","name":"CENTROS EDUCACIONAIS - Abril Liter\u00e1rio Virtual 2021 - Literalmente Isso...","isPartOf":{"@id":"https:\/\/portaleducacao.guarulhos.sp.gov.br\/wp_site\/abrilliterario2021\/#website"},"datePublished":"2021-03-24T13:16:45+00:00","dateModified":"2021-04-23T00:15:52+00:00","breadcrumb":{"@id":"https:\/\/portaleducacao.guarulhos.sp.gov.br\/wp_site\/abrilliterario2021\/centros-educacionais\/#breadcrumb"},"inLanguage":"pt-BR","potentialAction":[{"@type":"ReadAction","target":["https:\/\/portaleducacao.guarulhos.sp.gov.br\/wp_site\/abrilliterario2021\/centros-educacionais\/"]}]},{"@type":"BreadcrumbList","@id":"https:\/\/portaleducacao.guarulhos.sp.gov.br\/wp_site\/abrilliterario2021\/centros-educacionais\/#breadcrumb","itemListElement":[{"@type":"ListItem","position":1,"name":"In\u00edcio","item":"https:\/\/portaleducacao.guarulhos.sp.gov.br\/wp_site\/abrilliterario2021\/"},{"@type":"ListItem","position":2,"name":"CENTROS EDUCACIONAIS"}]},{"@type":"WebSite","@id":"https:\/\/portaleducacao.guarulhos.sp.gov.br\/wp_site\/abrilliterario2021\/#website","url":"https:\/\/portaleducacao.guarulhos.sp.gov.br\/wp_site\/abrilliterario2021\/","name":"Abril Liter\u00e1rio Virtual 2021 - Literalmente Isso...","description":"Secretaria Municipal de Educa\u00e7\u00e3o de Guarulhos","potentialAction":[{"@type":"SearchAction","target":{"@type":"EntryPoint","urlTemplate":"https:\/\/portaleducacao.guarulhos.sp.gov.br\/wp_site\/abrilliterario2021\/?s={search_term_string}"},"query-input":"required name=search_term_string"}],"inLanguage":"pt-BR"}]}},"_links":{"self":[{"href":"https:\/\/portaleducacao.guarulhos.sp.gov.br\/wp_site\/abrilliterario2021\/wp-json\/wp\/v2\/pages\/55"}],"collection":[{"href":"https:\/\/portaleducacao.guarulhos.sp.gov.br\/wp_site\/abrilliterario2021\/wp-json\/wp\/v2\/pages"}],"about":[{"href":"https:\/\/portaleducacao.guarulhos.sp.gov.br\/wp_site\/abrilliterario2021\/wp-json\/wp\/v2\/types\/page"}],"author":[{"embeddable":true,"href":"https:\/\/portaleducacao.guarulhos.sp.gov.br\/wp_site\/abrilliterario2021\/wp-json\/wp\/v2\/users\/1"}],"replies":[{"embeddable":true,"href":"https:\/\/portaleducacao.guarulhos.sp.gov.br\/wp_site\/abrilliterario2021\/wp-json\/wp\/v2\/comments?post=55"}],"version-history":[{"count":11,"href":"https:\/\/portaleducacao.guarulhos.sp.gov.br\/wp_site\/abrilliterario2021\/wp-json\/wp\/v2\/pages\/55\/revisions"}],"predecessor-version":[{"id":296,"href":"https:\/\/portaleducacao.guarulhos.sp.gov.br\/wp_site\/abrilliterario2021\/wp-json\/wp\/v2\/pages\/55\/revisions\/296"}],"wp:attachment":[{"href":"https:\/\/portaleducacao.guarulhos.sp.gov.br\/wp_site\/abrilliterario2021\/wp-json\/wp\/v2\/media?parent=55"}],"wp:term":[{"taxonomy":"category","embeddable":true,"href":"https:\/\/portaleducacao.guarulhos.sp.gov.br\/wp_site\/abrilliterario2021\/wp-json\/wp\/v2\/categories?post=55"},{"taxonomy":"post_tag","embeddable":true,"href":"https:\/\/portaleducacao.guarulhos.sp.gov.br\/wp_site\/abrilliterario2021\/wp-json\/wp\/v2\/tags?post=55"}],"curies":[{"name":"wp","href":"https:\/\/api.w.org\/{rel}","templated":true}]}}