{"id":153,"date":"2023-08-23T11:57:37","date_gmt":"2023-08-23T14:57:37","guid":{"rendered":"https:\/\/portaleducacao.guarulhos.sp.gov.br\/wp_site\/saberes\/?page_id=153"},"modified":"2023-12-19T18:58:05","modified_gmt":"2023-12-19T20:58:05","slug":"quemsomos","status":"publish","type":"page","link":"https:\/\/portaleducacao.guarulhos.sp.gov.br\/wp_site\/saberes\/quemsomos\/","title":{"rendered":"quemSomos"},"content":{"rendered":"\t\t<div data-elementor-type=\"wp-page\" data-elementor-id=\"153\" class=\"elementor elementor-153\">\n\t\t\t\t\t\t\t<div class=\"elementor-element elementor-element-0a15544 e-con-boxed e-con\" data-id=\"0a15544\" data-element_type=\"container\" data-settings=\"{&quot;content_width&quot;:&quot;boxed&quot;}\">\n\t\t\t\t\t<div class=\"e-con-inner\">\n\t\t\t\t<div class=\"elementor-element elementor-element-e2a68de elementor-widget elementor-widget-heading\" data-id=\"e2a68de\" data-element_type=\"widget\" data-widget_type=\"heading.default\">\n\t\t\t\t<div class=\"elementor-widget-container\">\n\t\t\t<style>\/*! elementor - v3.12.1 - 02-04-2023 *\/\n.elementor-heading-title{padding:0;margin:0;line-height:1}.elementor-widget-heading .elementor-heading-title[class*=elementor-size-]>a{color:inherit;font-size:inherit;line-height:inherit}.elementor-widget-heading .elementor-heading-title.elementor-size-small{font-size:15px}.elementor-widget-heading .elementor-heading-title.elementor-size-medium{font-size:19px}.elementor-widget-heading .elementor-heading-title.elementor-size-large{font-size:29px}.elementor-widget-heading .elementor-heading-title.elementor-size-xl{font-size:39px}.elementor-widget-heading .elementor-heading-title.elementor-size-xxl{font-size:59px}<\/style><h2 class=\"elementor-heading-title elementor-size-default\">Quem Somos<\/h2>\t\t<\/div>\n\t\t\t\t<\/div>\n\t\t\t\t\t<\/div>\n\t\t\t\t<\/div>\n\t\t<div class=\"elementor-element elementor-element-9a1f86c e-con-boxed e-con\" data-id=\"9a1f86c\" data-element_type=\"container\" data-settings=\"{&quot;content_width&quot;:&quot;boxed&quot;}\">\n\t\t\t\t\t<div class=\"e-con-inner\">\n\t\t\t\t<div class=\"elementor-element elementor-element-b6c5fd4 elementor-widget elementor-widget-text-editor\" data-id=\"b6c5fd4\" data-element_type=\"widget\" data-widget_type=\"text-editor.default\">\n\t\t\t\t<div class=\"elementor-widget-container\">\n\t\t\t<style>\/*! elementor - v3.12.1 - 02-04-2023 *\/\n.elementor-widget-text-editor.elementor-drop-cap-view-stacked .elementor-drop-cap{background-color:#69727d;color:#fff}.elementor-widget-text-editor.elementor-drop-cap-view-framed .elementor-drop-cap{color:#69727d;border:3px solid;background-color:transparent}.elementor-widget-text-editor:not(.elementor-drop-cap-view-default) .elementor-drop-cap{margin-top:8px}.elementor-widget-text-editor:not(.elementor-drop-cap-view-default) .elementor-drop-cap-letter{width:1em;height:1em}.elementor-widget-text-editor .elementor-drop-cap{float:left;text-align:center;line-height:1;font-size:50px}.elementor-widget-text-editor .elementor-drop-cap-letter{display:inline-block}<\/style>\t\t\t\t<p><span style=\"font-weight: 400;\">O <\/span><b>Programa Saberes em Casa<\/b><span style=\"font-weight: 400;\"> \u00e9 uma pol\u00edtica p\u00fablica municipal, institu\u00edda pela Lei n\u00ba 7.921\/2021, que se destina a complementar as propostas educativas para aux\u00edlio ao processo de ensino e aprendizagem.<\/span><\/p><p><span style=\"font-weight: 400;\">O programa surgiu em 2020 para apoiar o trabalho das escolas devido \u00e0 pandemia de COVID-19. Ao longo dos anos, transformou-se e, atualmente, ainda tem como caracter\u00edstica a complementaridade dos estudos, contudo assumiu o papel de &#8220;orienta\u00e7\u00e3o did\u00e1tica&#8221; para auxiliar na implementa\u00e7\u00e3o da Proposta Curricular Quadro de Saberes Necess\u00e1rios \u2013 QSN (2019) na rede municipal de Guarulhos.\u00a0<\/span><\/p><p><span style=\"font-weight: 400;\">Os educandos, seus familiares e\/ou respons\u00e1veis podem acompanhar e realizar as propostas do programa em suas resid\u00eancias ao mesmo tempo em que os educadores podem utiliz\u00e1-lo como fonte de estudo e de reflex\u00e3o nas horas-atividades. Al\u00e9m disso, o <\/span><b>Programa Saberes em Casa<\/b><span style=\"font-weight: 400;\"> pode ser usado como disparador de temas que devam ser aprofundados com outras propostas para o desenvolvimento de aprendizagens.<\/span><\/p><p><span style=\"font-weight: 400;\">O <\/span><b>Saberes em Casa<\/b><span style=\"font-weight: 400;\"> \u00e9 elaborado e apresentado por educadores da rede, os quais comp\u00f5em o Departamento de Orienta\u00e7\u00f5es Educacionais e Pedag\u00f3gicas \u2013 DOEP da Secretaria de Educa\u00e7\u00e3o. \u00c9 organizado em doze blocos de programas, que s\u00e3o divididos da seguinte forma:<\/span><\/p>\t\t\t\t\t\t<\/div>\n\t\t\t\t<\/div>\n\t\t\t\t\t<\/div>\n\t\t\t\t<\/div>\n\t\t<div class=\"elementor-element elementor-element-9d6e014 e-con-boxed e-con\" data-id=\"9d6e014\" data-element_type=\"container\" data-settings=\"{&quot;content_width&quot;:&quot;boxed&quot;}\">\n\t\t\t\t\t<div class=\"e-con-inner\">\n\t\t<div class=\"elementor-element elementor-element-b858072 e-con-full e-con\" data-id=\"b858072\" data-element_type=\"container\" data-settings=\"{&quot;content_width&quot;:&quot;full&quot;}\">\n\t\t\t\t<div class=\"elementor-element elementor-element-51d214f elementor-widget elementor-widget-text-editor\" data-id=\"51d214f\" data-element_type=\"widget\" data-widget_type=\"text-editor.default\">\n\t\t\t\t<div class=\"elementor-widget-container\">\n\t\t\t\t\t\t\t<p><b>Educa\u00e7\u00e3o Infantil:<br \/><\/b>&#8211; Viv\u00eancias na Creche<br \/>&#8211; \u00c9 brincando que se aprende<\/p><p><b>Ensino Fundamental:<\/b><br \/>&#8211; Al\u00e9m das letras<br \/>&#8211; Desafio do Dia<br \/>&#8211; Arte como experi\u00eancia<br \/>&#8211; \u00c9 hora do ingl\u00eas<br \/>&#8211; Pr\u00e1ticas Corporais<\/p>\t\t\t\t\t\t<\/div>\n\t\t\t\t<\/div>\n\t\t\t\t<\/div>\n\t\t<div class=\"elementor-element elementor-element-b5ad5b2 e-con-full e-con\" data-id=\"b5ad5b2\" data-element_type=\"container\" data-settings=\"{&quot;content_width&quot;:&quot;full&quot;}\">\n\t\t\t\t<div class=\"elementor-element elementor-element-fb519a3 elementor-widget elementor-widget-text-editor\" data-id=\"fb519a3\" data-element_type=\"widget\" data-widget_type=\"text-editor.default\">\n\t\t\t\t<div class=\"elementor-widget-container\">\n\t\t\t\t\t\t\t<p><b>Educa\u00e7\u00e3o de Jovens e Adultos:<br><\/b>&#8211; EJA \u2013 Ciclo I<br>&#8211; EJA \u2013 Ciclo II<\/p>\n<p><b>Al\u00e9m dos blocos que permeiam todas as modalidades de ensino:<br><\/b>&#8211; Desenvolvimento da autonomia<br>&#8211; Educa\u00e7\u00e3o Ambiental<br>&#8211; Libras em Casa<\/p>\t\t\t\t\t\t<\/div>\n\t\t\t\t<\/div>\n\t\t\t\t<\/div>\n\t\t\t\t\t<\/div>\n\t\t\t\t<\/div>\n\t\t<div class=\"elementor-element elementor-element-d054fe8 e-con-boxed e-con\" data-id=\"d054fe8\" data-element_type=\"container\" data-settings=\"{&quot;content_width&quot;:&quot;boxed&quot;}\">\n\t\t\t\t\t<div class=\"e-con-inner\">\n\t\t\t\t<div class=\"elementor-element elementor-element-b761300 elementor-widget elementor-widget-text-editor\" data-id=\"b761300\" data-element_type=\"widget\" data-widget_type=\"text-editor.default\">\n\t\t\t\t<div class=\"elementor-widget-container\">\n\t\t\t\t\t\t\t<p><span style=\"font-weight: 400;\">Todos os blocos s\u00e3o transmitidos pelo canal Secretaria de Educa\u00e7\u00e3o de Guarulhos no <\/span><i><span style=\"font-weight: 400;\">YouTube<\/span><\/i><span style=\"font-weight: 400;\">. O <\/span><b>Programa Saberes em Casa<\/b><span style=\"font-weight: 400;\"> ainda conta com:<br><\/span><span style=\"font-style: inherit; color: var( --e-global-color-secondary ); font-family: var( --e-global-typography-text-font-family ), Sans-serif; text-align: var(--text-align); background-color: var(--ast-global-color-5);\"><br>&#8211; Roteiros de estudo e\/ou aprendizagens &#8211; Ensino Fundamental e EJA;&nbsp;<br><\/span><span style=\"font-style: inherit; color: var( --e-global-color-secondary ); font-family: var( --e-global-typography-text-font-family ), Sans-serif; text-align: var(--text-align); background-color: var(--ast-global-color-5);\">&#8211; Orienta\u00e7\u00f5es e sugest\u00f5es de atividades para a Educa\u00e7\u00e3o Infantil &#8211; Creche e Est\u00e1gios;<br><\/span><span style=\"font-style: inherit; color: var( --e-global-color-secondary ); font-family: var( --e-global-typography-text-font-family ), Sans-serif; text-align: var(--text-align); background-color: var(--ast-global-color-5);\">&#8211; Revista Saberes e Aprendizagens dos anos de 2021 e 2022.<\/span><\/p>\n<p><b>Uma novidade: Saberes na Rede!<br><\/b><span style=\"font-weight: 400;\">A partir do segundo semestre de 2023, foi lan\u00e7ado a cole\u00e7\u00e3o \u201cSaberes na Rede\u201d, o qual \u00e9 composto por um material direcionado aos educandos, bem como de orienta\u00e7\u00e3o aos educadores.&nbsp;<\/span><\/p>\n<p><span style=\"font-weight: 400;\">Esse material, cuja fundamenta\u00e7\u00e3o \u00e9 o Quadro de Saberes Necess\u00e1rios da Rede (QSN \u2013 2019), \u00e9 o resultado de diversas pesquisas e da experi\u00eancia de educadores da rede municipal que comp\u00f5em a Divis\u00e3o T\u00e9cnica de Curr\u00edculo e An\u00e1lise de Materiais Pedag\u00f3gicos.&nbsp;<\/span><\/p>\n<p><span style=\"font-weight: 400;\">A equipe escreveu orienta\u00e7\u00f5es e propostas, al\u00e9m de realizarem outras tarefas, tais como, edi\u00e7\u00e3o, revis\u00e3o, cria\u00e7\u00e3o de personagens, projeto gr\u00e1fico, diagrama\u00e7\u00e3o e outras ilustra\u00e7\u00f5es. Para conhecer o material e fazer o download, visite a se\u00e7\u00e3o&nbsp;<\/span><a href=\"https:\/\/portaleducacao.guarulhos.sp.gov.br\/wp_site\/saberes\/saberesdarede\/\" target=\"_blank\">Saberes na rede<\/a><b>&nbsp;<\/b><span style=\"font-weight: 400;\">&nbsp;<\/span><\/p>\t\t\t\t\t\t<\/div>\n\t\t\t\t<\/div>\n\t\t\t\t\t<\/div>\n\t\t\t\t<\/div>\n\t\t\t\t\t\t\t<\/div>\n\t\t","protected":false},"excerpt":{"rendered":"<p>Quem Somos O Programa Saberes em Casa \u00e9 uma pol\u00edtica p\u00fablica municipal, institu\u00edda pela Lei n\u00ba 7.921\/2021, que se destina a complementar as propostas educativas para aux\u00edlio ao processo de &hellip;<\/p>\n<p class=\"read-more\"> <a class=\"\" href=\"https:\/\/portaleducacao.guarulhos.sp.gov.br\/wp_site\/saberes\/quemsomos\/\"> <span class=\"screen-reader-text\">quemSomos<\/span> Leia mais &raquo;<\/a><\/p>\n","protected":false},"author":1,"featured_media":0,"parent":0,"menu_order":0,"comment_status":"closed","ping_status":"closed","template":"","meta":{"_monsterinsights_skip_tracking":false,"_monsterinsights_sitenote_active":false,"_monsterinsights_sitenote_note":"","_monsterinsights_sitenote_category":0,"site-sidebar-layout":"no-sidebar","site-content-layout":"page-builder","ast-global-header-display":"","ast-main-header-display":"","ast-hfb-above-header-display":"","ast-hfb-below-header-display":"","ast-hfb-mobile-header-display":"","site-post-title":"disabled","ast-breadcrumbs-content":"","ast-featured-img":"disabled","footer-sml-layout":"","theme-transparent-header-meta":"","adv-header-id-meta":"","stick-header-meta":"","header-above-stick-meta":"","header-main-stick-meta":"","header-below-stick-meta":"","_expiration-date-status":"","_expiration-date":0,"_expiration-date-type":"","_expiration-date-categories":[],"_expiration-date-options":[]},"categories":[],"tags":[],"yoast_head":"<!-- This site is optimized with the Yoast SEO plugin v19.7.1 - https:\/\/yoast.com\/wordpress\/plugins\/seo\/ -->\r\n<title>quemSomos - Saberes em Casa<\/title>\r\n<meta name=\"robots\" content=\"index, follow, max-snippet:-1, max-image-preview:large, max-video-preview:-1\" \/>\r\n<link rel=\"canonical\" href=\"https:\/\/portaleducacao.guarulhos.sp.gov.br\/wp_site\/saberes\/quemsomos\/\" \/>\r\n<meta property=\"og:locale\" content=\"pt_BR\" \/>\r\n<meta property=\"og:type\" content=\"article\" \/>\r\n<meta property=\"og:title\" content=\"quemSomos - Saberes em Casa\" \/>\r\n<meta property=\"og:description\" content=\"Quem Somos O Programa Saberes em Casa \u00e9 uma pol\u00edtica p\u00fablica municipal, institu\u00edda pela Lei n\u00ba 7.921\/2021, que se destina a complementar as propostas educativas para aux\u00edlio ao processo de &hellip; quemSomos Leia mais &raquo;\" \/>\r\n<meta property=\"og:url\" content=\"https:\/\/portaleducacao.guarulhos.sp.gov.br\/wp_site\/saberes\/quemsomos\/\" \/>\r\n<meta property=\"og:site_name\" content=\"Saberes em Casa\" \/>\r\n<meta property=\"article:modified_time\" content=\"2023-12-19T20:58:05+00:00\" \/>\r\n<meta name=\"twitter:card\" content=\"summary_large_image\" \/>\r\n<meta name=\"twitter:label1\" content=\"Est. tempo de leitura\" \/>\n\t<meta name=\"twitter:data1\" content=\"3 minutos\" \/>\r\n<script type=\"application\/ld+json\" class=\"yoast-schema-graph\">{\"@context\":\"https:\/\/schema.org\",\"@graph\":[{\"@type\":\"WebPage\",\"@id\":\"https:\/\/portaleducacao.guarulhos.sp.gov.br\/wp_site\/saberes\/quemsomos\/\",\"url\":\"https:\/\/portaleducacao.guarulhos.sp.gov.br\/wp_site\/saberes\/quemsomos\/\",\"name\":\"quemSomos - Saberes em Casa\",\"isPartOf\":{\"@id\":\"https:\/\/portaleducacao.guarulhos.sp.gov.br\/wp_site\/saberes\/#website\"},\"datePublished\":\"2023-08-23T14:57:37+00:00\",\"dateModified\":\"2023-12-19T20:58:05+00:00\",\"breadcrumb\":{\"@id\":\"https:\/\/portaleducacao.guarulhos.sp.gov.br\/wp_site\/saberes\/quemsomos\/#breadcrumb\"},\"inLanguage\":\"pt-BR\",\"potentialAction\":[{\"@type\":\"ReadAction\",\"target\":[\"https:\/\/portaleducacao.guarulhos.sp.gov.br\/wp_site\/saberes\/quemsomos\/\"]}]},{\"@type\":\"BreadcrumbList\",\"@id\":\"https:\/\/portaleducacao.guarulhos.sp.gov.br\/wp_site\/saberes\/quemsomos\/#breadcrumb\",\"itemListElement\":[{\"@type\":\"ListItem\",\"position\":1,\"name\":\"In\u00edcio\",\"item\":\"https:\/\/portaleducacao.guarulhos.sp.gov.br\/wp_site\/saberes\/\"},{\"@type\":\"ListItem\",\"position\":2,\"name\":\"quemSomos\"}]},{\"@type\":\"WebSite\",\"@id\":\"https:\/\/portaleducacao.guarulhos.sp.gov.br\/wp_site\/saberes\/#website\",\"url\":\"https:\/\/portaleducacao.guarulhos.sp.gov.br\/wp_site\/saberes\/\",\"name\":\"Saberes em Casa\",\"description\":\"Recursos complementares \u00e0s propostas educativas das Escolas da Prefeitura de Guarulhos\",\"potentialAction\":[{\"@type\":\"SearchAction\",\"target\":{\"@type\":\"EntryPoint\",\"urlTemplate\":\"https:\/\/portaleducacao.guarulhos.sp.gov.br\/wp_site\/saberes\/?s={search_term_string}\"},\"query-input\":\"required name=search_term_string\"}],\"inLanguage\":\"pt-BR\"}]}<\/script>\r\n<!-- \/ Yoast SEO plugin. -->","yoast_head_json":{"title":"quemSomos - Saberes em Casa","robots":{"index":"index","follow":"follow","max-snippet":"max-snippet:-1","max-image-preview":"max-image-preview:large","max-video-preview":"max-video-preview:-1"},"canonical":"https:\/\/portaleducacao.guarulhos.sp.gov.br\/wp_site\/saberes\/quemsomos\/","og_locale":"pt_BR","og_type":"article","og_title":"quemSomos - Saberes em Casa","og_description":"Quem Somos O Programa Saberes em Casa \u00e9 uma pol\u00edtica p\u00fablica municipal, institu\u00edda pela Lei n\u00ba 7.921\/2021, que se destina a complementar as propostas educativas para aux\u00edlio ao processo de &hellip; quemSomos Leia mais &raquo;","og_url":"https:\/\/portaleducacao.guarulhos.sp.gov.br\/wp_site\/saberes\/quemsomos\/","og_site_name":"Saberes em Casa","article_modified_time":"2023-12-19T20:58:05+00:00","twitter_card":"summary_large_image","twitter_misc":{"Est. tempo de leitura":"3 minutos"},"schema":{"@context":"https:\/\/schema.org","@graph":[{"@type":"WebPage","@id":"https:\/\/portaleducacao.guarulhos.sp.gov.br\/wp_site\/saberes\/quemsomos\/","url":"https:\/\/portaleducacao.guarulhos.sp.gov.br\/wp_site\/saberes\/quemsomos\/","name":"quemSomos - Saberes em Casa","isPartOf":{"@id":"https:\/\/portaleducacao.guarulhos.sp.gov.br\/wp_site\/saberes\/#website"},"datePublished":"2023-08-23T14:57:37+00:00","dateModified":"2023-12-19T20:58:05+00:00","breadcrumb":{"@id":"https:\/\/portaleducacao.guarulhos.sp.gov.br\/wp_site\/saberes\/quemsomos\/#breadcrumb"},"inLanguage":"pt-BR","potentialAction":[{"@type":"ReadAction","target":["https:\/\/portaleducacao.guarulhos.sp.gov.br\/wp_site\/saberes\/quemsomos\/"]}]},{"@type":"BreadcrumbList","@id":"https:\/\/portaleducacao.guarulhos.sp.gov.br\/wp_site\/saberes\/quemsomos\/#breadcrumb","itemListElement":[{"@type":"ListItem","position":1,"name":"In\u00edcio","item":"https:\/\/portaleducacao.guarulhos.sp.gov.br\/wp_site\/saberes\/"},{"@type":"ListItem","position":2,"name":"quemSomos"}]},{"@type":"WebSite","@id":"https:\/\/portaleducacao.guarulhos.sp.gov.br\/wp_site\/saberes\/#website","url":"https:\/\/portaleducacao.guarulhos.sp.gov.br\/wp_site\/saberes\/","name":"Saberes em Casa","description":"Recursos complementares \u00e0s propostas educativas das Escolas da Prefeitura de Guarulhos","potentialAction":[{"@type":"SearchAction","target":{"@type":"EntryPoint","urlTemplate":"https:\/\/portaleducacao.guarulhos.sp.gov.br\/wp_site\/saberes\/?s={search_term_string}"},"query-input":"required name=search_term_string"}],"inLanguage":"pt-BR"}]}},"_links":{"self":[{"href":"https:\/\/portaleducacao.guarulhos.sp.gov.br\/wp_site\/saberes\/wp-json\/wp\/v2\/pages\/153"}],"collection":[{"href":"https:\/\/portaleducacao.guarulhos.sp.gov.br\/wp_site\/saberes\/wp-json\/wp\/v2\/pages"}],"about":[{"href":"https:\/\/portaleducacao.guarulhos.sp.gov.br\/wp_site\/saberes\/wp-json\/wp\/v2\/types\/page"}],"author":[{"embeddable":true,"href":"https:\/\/portaleducacao.guarulhos.sp.gov.br\/wp_site\/saberes\/wp-json\/wp\/v2\/users\/1"}],"replies":[{"embeddable":true,"href":"https:\/\/portaleducacao.guarulhos.sp.gov.br\/wp_site\/saberes\/wp-json\/wp\/v2\/comments?post=153"}],"version-history":[{"count":42,"href":"https:\/\/portaleducacao.guarulhos.sp.gov.br\/wp_site\/saberes\/wp-json\/wp\/v2\/pages\/153\/revisions"}],"predecessor-version":[{"id":1651,"href":"https:\/\/portaleducacao.guarulhos.sp.gov.br\/wp_site\/saberes\/wp-json\/wp\/v2\/pages\/153\/revisions\/1651"}],"wp:attachment":[{"href":"https:\/\/portaleducacao.guarulhos.sp.gov.br\/wp_site\/saberes\/wp-json\/wp\/v2\/media?parent=153"}],"wp:term":[{"taxonomy":"category","embeddable":true,"href":"https:\/\/portaleducacao.guarulhos.sp.gov.br\/wp_site\/saberes\/wp-json\/wp\/v2\/categories?post=153"},{"taxonomy":"post_tag","embeddable":true,"href":"https:\/\/portaleducacao.guarulhos.sp.gov.br\/wp_site\/saberes\/wp-json\/wp\/v2\/tags?post=153"}],"curies":[{"name":"wp","href":"https:\/\/api.w.org\/{rel}","templated":true}]}}